CRAN Package Check Results for Package DSAIDE

Last updated on 2020-06-04 15:49:08 CEST.

Flavor Version Tinstall Tcheck Ttotal Status Flags
r-devel-linux-x86_64-debian-clang 0.8.3 9.30 108.43 117.73 OK
r-devel-linux-x86_64-debian-gcc 0.8.3 7.73 79.83 87.56 OK
r-devel-linux-x86_64-fedora-clang 0.8.3 150.19 OK
r-devel-linux-x86_64-fedora-gcc 0.8.3 133.25 OK
r-devel-windows-ix86+x86_64 0.8.3 30.00 119.00 149.00 OK
r-patched-linux-x86_64 0.8.3 9.14 104.87 114.01 OK
r-patched-solaris-x86 0.8.3 183.30 NOTE
r-release-linux-x86_64 0.8.3 8.90 104.94 113.84 OK
r-release-osx-x86_64 0.8.3 OK
r-release-windows-ix86+x86_64 0.8.3 21.00 116.00 137.00 OK
r-oldrel-osx-x86_64 0.8.3 OK
r-oldrel-windows-ix86+x86_64 0.8.3 30.00 166.00 196.00 OK

Check Details

Version: 0.8.3
Check: installed package size
Result: NOTE
     installed size is 5.5Mb
     sub-directories of 1Mb or more:
     appinformation 4.2Mb
Flavor: r-patched-solaris-x86