CRAN Package Check Results for Package DSAIDE

Last updated on 2019-11-18 23:51:20 CET.

Flavor Version Tinstall Tcheck Ttotal Status Flags
r-devel-linux-x86_64-debian-clang 0.8.2 9.99 104.15 114.14 OK
r-devel-linux-x86_64-debian-gcc 0.8.2 8.20 77.88 86.08 OK
r-devel-linux-x86_64-fedora-clang 0.8.2 131.10 NOTE
r-devel-linux-x86_64-fedora-gcc 0.8.2 138.33 OK
r-devel-windows-ix86+x86_64 0.8.2 42.00 154.00 196.00 NOTE
r-patched-linux-x86_64 0.8.2 9.15 94.66 103.81 OK
r-patched-solaris-x86 0.8.2 169.20 NOTE
r-release-linux-x86_64 0.8.2 7.40 95.18 102.58 OK
r-release-windows-ix86+x86_64 0.8.2 19.00 105.00 124.00 NOTE
r-release-osx-x86_64 0.8.2 NOTE
r-oldrel-windows-ix86+x86_64 0.8.2 11.00 105.00 116.00 NOTE
r-oldrel-osx-x86_64 0.8.2 NOTE

Check Details

Version: 0.8.2
Check: installed package size
Result: NOTE
     installed size is 5.4Mb
     sub-directories of 1Mb or more:
     appinformation 3.6Mb
Flavors: r-devel-linux-x86_64-fedora-clang, r-devel-windows-ix86+x86_64, r-patched-solaris-x86, r-release-windows-ix86+x86_64, r-release-osx-x86_64, r-oldrel-windows-ix86+x86_64, r-oldrel-osx-x86_64