CRAN Package Check Results for Package DRR

Last updated on 2022-10-02 09:53:27 CEST.

Flavor Version Tinstall Tcheck Ttotal Status Flags
r-devel-linux-x86_64-debian-clang 0.0.4 9.73 274.28 284.01 NOTE
r-devel-linux-x86_64-debian-gcc 0.0.4 6.36 205.11 211.47 NOTE
r-devel-linux-x86_64-fedora-clang 0.0.4 346.38 NOTE
r-devel-linux-x86_64-fedora-gcc 0.0.4 338.30 NOTE
r-devel-windows-x86_64 0.0.4 12.00 286.00 298.00 NOTE
r-patched-linux-x86_64 0.0.4 7.83 256.24 264.07 NOTE
r-release-linux-x86_64 0.0.4 8.86 257.76 266.62 NOTE
r-release-macos-arm64 0.0.4 85.00 NOTE
r-release-macos-x86_64 0.0.4 118.00 NOTE
r-release-windows-x86_64 0.0.4 13.00 285.00 298.00 NOTE
r-oldrel-macos-arm64 0.0.4 90.00 NOTE
r-oldrel-macos-x86_64 0.0.4 177.00 NOTE
r-oldrel-windows-ix86+x86_64 0.0.4 21.00 292.00 313.00 NOTE

Check Details

Version: 0.0.4
Check: LazyData
Result: NOTE
     'LazyData' is specified without a 'data' directory
Flavors: r-devel-linux-x86_64-debian-clang, r-devel-linux-x86_64-debian-gcc, r-devel-linux-x86_64-fedora-clang, r-devel-linux-x86_64-fedora-gcc, r-devel-windows-x86_64, r-patched-linux-x86_64, r-release-linux-x86_64, r-release-macos-arm64, r-release-macos-x86_64, r-release-windows-x86_64, r-oldrel-macos-arm64, r-oldrel-macos-x86_64, r-oldrel-windows-ix86+x86_64