Last updated on 2023-03-28 02:54:50 CEST.
Flavor | Version | Tinstall | Tcheck | Ttotal | Status | Flags |
---|---|---|---|---|---|---|
r-devel-linux-x86_64-debian-clang | 1.0 | 2.71 | 39.30 | 42.01 | NOTE | |
r-devel-linux-x86_64-debian-gcc | 1.0 | 2.60 | 30.17 | 32.77 | NOTE | |
r-devel-linux-x86_64-fedora-clang | 1.0 | 52.54 | NOTE | |||
r-devel-linux-x86_64-fedora-gcc | 1.0 | 51.36 | NOTE | |||
r-patched-linux-x86_64 | 1.0 | 3.35 | 37.19 | 40.54 | NOTE | |
r-release-linux-x86_64 | 1.0 | 3.08 | 40.27 | 43.35 | NOTE | |
r-release-macos-arm64 | 1.0 | 20.00 | NOTE | |||
r-release-macos-x86_64 | 1.0 | 28.00 | NOTE | |||
r-release-windows-x86_64 | 1.0 | 9.00 | 69.00 | 78.00 | NOTE | |
r-oldrel-macos-arm64 | 1.0 | 23.00 | NOTE | |||
r-oldrel-macos-x86_64 | 1.0 | 35.00 | NOTE | |||
r-oldrel-windows-ix86+x86_64 | 1.0 | 8.00 | 69.00 | 77.00 | NOTE |
Version: 1.0
Check: LazyData
Result: NOTE
'LazyData' is specified without a 'data' directory
Flavors: r-devel-linux-x86_64-debian-clang, r-devel-linux-x86_64-debian-gcc, r-devel-linux-x86_64-fedora-clang, r-devel-linux-x86_64-fedora-gcc, r-patched-linux-x86_64, r-release-linux-x86_64, r-release-macos-arm64, r-release-macos-x86_64, r-release-windows-x86_64, r-oldrel-macos-arm64, r-oldrel-macos-x86_64, r-oldrel-windows-ix86+x86_64