CRAN Package Check Results for Package DPtree

Last updated on 2019-02-20 00:55:06 CET.

Flavor Version Tinstall Tcheck Ttotal Status Flags
r-devel-linux-x86_64-debian-clang 1.0.1 1.49 25.85 27.34 OK
r-devel-linux-x86_64-debian-gcc 1.0.1 1.34 20.91 22.25 OK
r-devel-linux-x86_64-fedora-clang 1.0.1 34.44 NOTE
r-devel-linux-x86_64-fedora-gcc 1.0.1 31.68 NOTE
r-devel-windows-ix86+x86_64 1.0.1 5.00 51.00 56.00 OK
r-patched-linux-x86_64 1.0.1 NOTE
r-patched-solaris-x86 1.0.1 49.00 NOTE
r-release-linux-x86_64 1.0.1 1.07 24.21 25.28 NOTE
r-release-windows-ix86+x86_64 1.0.1 3.00 53.00 56.00 OK
r-release-osx-x86_64 1.0.1 NOTE
r-oldrel-windows-ix86+x86_64 1.0.1 3.00 46.00 49.00 OK
r-oldrel-osx-x86_64 1.0.1 NOTE

Check Details

Version: 1.0.1
Check: dependencies in R code
Result: NOTE
    Namespace in Imports field not imported from: ‘MASS’
     All declared Imports should be used.
Flavors: r-devel-linux-x86_64-fedora-clang, r-devel-linux-x86_64-fedora-gcc, r-patched-solaris-x86, r-release-osx-x86_64, r-oldrel-osx-x86_64

Version: 1.0.1
Check: DESCRIPTION meta-information
Result: NOTE
    Dependence on R version ‘3.3.1’ not with patchlevel 0
Flavors: r-patched-linux-x86_64, r-release-linux-x86_64