CRAN Package Check Results for Package DPtree

Last updated on 2019-08-24 06:47:18 CEST.

Flavor Version Tinstall Tcheck Ttotal Status Flags
r-devel-linux-x86_64-debian-clang 1.0.1 2.38 25.66 28.04 OK
r-devel-linux-x86_64-debian-gcc 1.0.1 1.91 20.84 22.75 OK
r-devel-linux-x86_64-fedora-clang 1.0.1 36.33 NOTE
r-devel-linux-x86_64-fedora-gcc 1.0.1 33.73 NOTE
r-devel-windows-ix86+x86_64 1.0.1 6.00 40.00 46.00 OK
r-patched-linux-x86_64 1.0.1 2.00 25.75 27.75 OK
r-patched-solaris-x86 1.0.1 59.60 NOTE
r-release-linux-x86_64 1.0.1 2.08 25.69 27.77 OK
r-release-windows-ix86+x86_64 1.0.1 7.00 57.00 64.00 OK
r-release-osx-x86_64 1.0.1 NOTE
r-oldrel-windows-ix86+x86_64 1.0.1 6.00 46.00 52.00 OK
r-oldrel-osx-x86_64 1.0.1 NOTE

Check Details

Version: 1.0.1
Check: dependencies in R code
Result: NOTE
    Namespace in Imports field not imported from: ‘MASS’
     All declared Imports should be used.
Flavors: r-devel-linux-x86_64-fedora-clang, r-devel-linux-x86_64-fedora-gcc, r-patched-solaris-x86, r-release-osx-x86_64, r-oldrel-osx-x86_64