CRAN Package Check Results for Package DPtree

Last updated on 2019-04-25 19:48:26 CEST.

Flavor Version Tinstall Tcheck Ttotal Status Flags
r-devel-linux-x86_64-debian-clang 1.0.1 2.00 25.49 27.49 OK
r-devel-linux-x86_64-debian-gcc 1.0.1 1.68 21.05 22.73 OK
r-devel-linux-x86_64-fedora-clang 1.0.1 34.03 NOTE
r-devel-linux-x86_64-fedora-gcc 1.0.1 36.59 NOTE
r-devel-windows-ix86+x86_64 1.0.1 9.00 54.00 63.00 OK
r-patched-linux-x86_64 1.0.1 2.01 25.57 27.58 OK
r-patched-solaris-x86 1.0.1 54.20 NOTE
r-release-linux-x86_64 1.0.1 1.34 24.11 25.45 NOTE
r-release-windows-ix86+x86_64 1.0.1 3.00 51.00 54.00 OK
r-release-osx-x86_64 1.0.1 NOTE
r-oldrel-windows-ix86+x86_64 1.0.1 3.00 34.00 37.00 OK
r-oldrel-osx-x86_64 1.0.1 NOTE

Check Details

Version: 1.0.1
Check: dependencies in R code
Result: NOTE
    Namespace in Imports field not imported from: ‘MASS’
     All declared Imports should be used.
Flavors: r-devel-linux-x86_64-fedora-clang, r-devel-linux-x86_64-fedora-gcc, r-patched-solaris-x86, r-release-osx-x86_64, r-oldrel-osx-x86_64

Version: 1.0.1
Check: DESCRIPTION meta-information
Result: NOTE
    Dependence on R version ‘3.3.1’ not with patchlevel 0
Flavor: r-release-linux-x86_64