Last updated on 2025-01-13 14:49:18 CET.
Flavor | Version | Tinstall | Tcheck | Ttotal | Status | Flags |
---|---|---|---|---|---|---|
r-devel-linux-x86_64-debian-clang | 1.6.0 | 29.92 | 86.59 | 116.51 | OK | |
r-devel-linux-x86_64-debian-gcc | 1.6.0 | 22.95 | 66.50 | 89.45 | OK | |
r-devel-linux-x86_64-fedora-clang | 1.6.0 | 198.06 | OK | |||
r-devel-linux-x86_64-fedora-gcc | 1.6.0 | 193.47 | OK | |||
r-devel-windows-x86_64 | 1.6.0 | 31.00 | 108.00 | 139.00 | OK | |
r-patched-linux-x86_64 | 1.6.0 | 32.54 | 83.28 | 115.82 | OK | |
r-release-linux-x86_64 | 1.6.0 | 31.66 | 82.96 | 114.62 | OK | |
r-release-macos-arm64 | 1.6.0 | 58.00 | NOTE | |||
r-release-macos-x86_64 | 1.6.0 | 85.00 | NOTE | |||
r-release-windows-x86_64 | 1.6.0 | 31.00 | 108.00 | 139.00 | OK | |
r-oldrel-macos-arm64 | 1.6.0 | 58.00 | NOTE | |||
r-oldrel-macos-x86_64 | 1.6.0 | 94.00 | NOTE | |||
r-oldrel-windows-x86_64 | 1.6.0 | 42.00 | 135.00 | 177.00 | OK |
Version: 1.6.0
Check: installed package size
Result: NOTE
installed size is 7.4Mb
sub-directories of 1Mb or more:
libs 7.2Mb
Flavors: r-release-macos-arm64, r-release-macos-x86_64, r-oldrel-macos-arm64, r-oldrel-macos-x86_64