CRAN Package Check Results for Package DPP

Last updated on 2022-12-04 21:55:36 CET.

Flavor Version Tinstall Tcheck Ttotal Status Flags
r-devel-linux-x86_64-debian-clang 0.1.2 49.99 57.93 107.92 OK
r-devel-linux-x86_64-debian-gcc 0.1.2 41.68 44.64 86.32 OK
r-devel-linux-x86_64-fedora-clang 0.1.2 177.21 OK
r-devel-linux-x86_64-fedora-gcc 0.1.2 158.71 OK
r-devel-windows-x86_64 0.1.2 49.00 106.00 155.00 OK
r-patched-linux-x86_64 0.1.2 45.87 57.46 103.33 OK
r-release-linux-x86_64 0.1.2 48.38 57.40 105.78 OK
r-release-macos-arm64 0.1.2 40.00 NOTE
r-release-macos-x86_64 0.1.2 54.00 NOTE
r-release-windows-x86_64 0.1.2 57.00 117.00 174.00 OK
r-oldrel-macos-arm64 0.1.2 46.00 NOTE
r-oldrel-macos-x86_64 0.1.2 83.00 NOTE
r-oldrel-windows-ix86+x86_64 0.1.2 128.00 121.00 249.00 OK

Check Details

Version: 0.1.2
Check: installed package size
Result: NOTE
     installed size is 6.1Mb
     sub-directories of 1Mb or more:
     libs 5.5Mb
Flavors: r-release-macos-arm64, r-release-macos-x86_64, r-oldrel-macos-arm64, r-oldrel-macos-x86_64