CRAN Package Check Results for Package DOT

Last updated on 2021-06-23 01:49:29 CEST.

Flavor Version Tinstall Tcheck Ttotal Status Flags
r-devel-linux-x86_64-debian-clang 0.1 3.22 32.18 35.40 NOTE
r-devel-linux-x86_64-debian-gcc 0.1 2.37 25.49 27.86 NOTE
r-devel-linux-x86_64-fedora-clang 0.1 51.74 NOTE
r-devel-linux-x86_64-fedora-gcc 0.1 41.24 NOTE
r-devel-windows-x86_64 0.1 8.00 65.00 73.00 OK
r-devel-windows-x86_64-gcc10-UCRT 0.1 ERROR
r-patched-linux-x86_64 0.1 3.12 31.16 34.28 NOTE
r-patched-solaris-x86 0.1 66.00 NOTE
r-release-linux-x86_64 0.1 2.90 31.49 34.39 NOTE
r-release-macos-arm64 0.1 OK
r-release-macos-x86_64 0.1 OK
r-release-windows-ix86+x86_64 0.1 10.00 62.00 72.00 OK
r-oldrel-macos-x86_64 0.1 OK

Check Details

Version: 0.1
Check: for non-standard things in the check directory
Result: NOTE
    Found the following files/directories:
     'myfile.ps' 'myfile.svg'
Flavors: r-devel-linux-x86_64-debian-clang, r-devel-linux-x86_64-debian-gcc, r-devel-linux-x86_64-fedora-clang, r-devel-linux-x86_64-fedora-gcc, r-patched-linux-x86_64, r-patched-solaris-x86, r-release-linux-x86_64

Version: 0.1
Check: package dependencies
Result: ERROR
    Package required but not available: 'V8'
    
    See section 'The DESCRIPTION file' in the 'Writing R Extensions'
    manual.
Flavor: r-devel-windows-x86_64-gcc10-UCRT