CRAN Package Check Results for Package DMTL

Last updated on 2021-04-16 00:47:11 CEST.

Flavor Version Tinstall Tcheck Ttotal Status Flags
r-devel-linux-x86_64-debian-clang 0.1.2 2.64 43.28 45.92 NOTE
r-devel-linux-x86_64-debian-gcc 0.1.2 2.02 33.58 35.60 NOTE
r-devel-linux-x86_64-fedora-clang 0.1.2 63.88 NOTE
r-devel-linux-x86_64-fedora-gcc 0.1.2 55.88 NOTE
r-devel-windows-ix86+x86_64 0.1.2 8.00 65.00 73.00 NOTE
r-devel-windows-x86_64-gcc10-UCRT 0.1.2 NOTE
r-patched-linux-x86_64 0.1.2 2.39 42.60 44.99 OK
r-patched-solaris-x86 0.1.2 116.70 OK
r-release-linux-x86_64 0.1.2 2.45 42.24 44.69 OK
r-release-macos-x86_64 0.1.2 OK
r-release-windows-ix86+x86_64 0.1.2 6.00 65.00 71.00 OK
r-oldrel-macos-x86_64 0.1.2 OK
r-oldrel-windows-ix86+x86_64 0.1.2 3.00 46.00 49.00 OK

Check Details

Version: 0.1.2
Check: LazyData
Result: NOTE
     'LazyData' is specified without a 'data' directory
Flavors: r-devel-linux-x86_64-debian-clang, r-devel-linux-x86_64-debian-gcc, r-devel-linux-x86_64-fedora-clang, r-devel-linux-x86_64-fedora-gcc, r-devel-windows-ix86+x86_64, r-devel-windows-x86_64-gcc10-UCRT