CRAN Package Check Results for Package DMMF

Last updated on 2019-04-23 15:50:42 CEST.

Flavor Version Tinstall Tcheck Ttotal Status Flags
r-devel-linux-x86_64-debian-clang 0.5.0.2 13.97 72.73 86.70 OK
r-devel-linux-x86_64-debian-gcc 0.5.0.2 13.69 59.52 73.21 OK
r-devel-linux-x86_64-fedora-clang 0.5.0.2 109.08 OK
r-devel-linux-x86_64-fedora-gcc 0.5.0.2 121.47 OK
r-devel-windows-ix86+x86_64 0.5.0.2 50.00 135.00 185.00 OK
r-patched-linux-x86_64 0.5.0.2 15.79 73.18 88.97 OK
r-patched-solaris-x86 0.5.0.2 4.00 ERROR
r-release-linux-x86_64 0.5.0.2 11.08 69.06 80.14 OK
r-release-windows-ix86+x86_64 0.5.0.2 24.00 130.00 154.00 OK
r-release-osx-x86_64 0.5.0.2 OK
r-oldrel-windows-ix86+x86_64 0.5.0.2 34.00 140.00 174.00 OK
r-oldrel-osx-x86_64 0.5.0.2 OK

Check Details

Version: 0.5.0.2
Check: whether package can be installed
Result: ERROR
    Installation failed.
Flavor: r-patched-solaris-x86