Last updated on 2023-06-06 20:09:42 CEST.
Flavor | Version | Tinstall | Tcheck | Ttotal | Status | Flags |
---|---|---|---|---|---|---|
r-devel-linux-x86_64-debian-clang | 6.0.6 | 99.90 | 121.95 | 221.85 | NOTE | |
r-devel-linux-x86_64-debian-gcc | 6.0.6 | 85.75 | 89.84 | 175.59 | NOTE | |
r-devel-linux-x86_64-fedora-clang | 6.0.6 | 286.38 | NOTE | |||
r-devel-linux-x86_64-fedora-gcc | 6.0.6 | 299.84 | NOTE | |||
r-devel-windows-x86_64 | 6.0.6 | 77.00 | 163.00 | 240.00 | NOTE | --no-vignettes |
r-patched-linux-x86_64 | 6.0.6 | 91.38 | 115.06 | 206.44 | NOTE | |
r-release-linux-x86_64 | 6.0.6 | 64.99 | 115.13 | 180.12 | NOTE | |
r-release-macos-arm64 | 6.0.6 | 77.00 | NOTE | |||
r-release-macos-x86_64 | 6.0.6 | 143.00 | NOTE | |||
r-release-windows-x86_64 | 6.0.6 | 99.00 | 189.00 | 288.00 | NOTE | --no-vignettes |
r-oldrel-macos-arm64 | 6.0.6 | 72.00 | NOTE | |||
r-oldrel-macos-x86_64 | 6.0.6 | 101.00 | NOTE | |||
r-oldrel-windows-x86_64 | 6.0.6 | 91.00 | 163.00 | 254.00 | NOTE | --no-vignettes |
Version: 6.0.6
Check: package subdirectories
Result: NOTE
Problems with news in ‘NEWS.md’:
Cannot extract version info from the following section titles:
Changes to previous versions
Minor changes
Fixes
Previous Versions
Flavors: r-devel-linux-x86_64-debian-clang, r-devel-linux-x86_64-debian-gcc, r-devel-linux-x86_64-fedora-clang, r-devel-linux-x86_64-fedora-gcc, r-patched-linux-x86_64, r-release-linux-x86_64, r-release-macos-arm64, r-release-macos-x86_64
Version: 6.0.6
Flags: --no-vignettes
Check: installed package size
Result: NOTE
installed size is 14.2Mb
sub-directories of 1Mb or more:
libs 13.6Mb
Flavors: r-devel-windows-x86_64, r-release-windows-x86_64, r-oldrel-windows-x86_64
Version: 6.0.6
Flags: --no-vignettes
Check: package subdirectories
Result: NOTE
Problems with news in 'NEWS.md':
Cannot extract version info from the following section titles:
Changes to previous versions
Minor changes
Fixes
Previous Versions
Flavors: r-devel-windows-x86_64, r-release-windows-x86_64
Version: 6.0.6
Check: installed package size
Result: NOTE
installed size is 34.3Mb
sub-directories of 1Mb or more:
libs 33.6Mb
Flavors: r-release-macos-arm64, r-release-macos-x86_64, r-oldrel-macos-arm64, r-oldrel-macos-x86_64