Last updated on 2022-05-29 02:48:57 CEST.
Flavor | Version | Tinstall | Tcheck | Ttotal | Status | Flags |
---|---|---|---|---|---|---|
r-devel-linux-x86_64-debian-clang | 6.0.4 | 108.99 | 132.81 | 241.80 | OK | |
r-devel-linux-x86_64-debian-gcc | 6.0.4 | 84.73 | 97.05 | 181.78 | OK | |
r-devel-linux-x86_64-fedora-clang | 6.0.4 | 312.88 | NOTE | |||
r-devel-linux-x86_64-fedora-gcc | 6.0.4 | 296.39 | OK | |||
r-devel-windows-x86_64 | 6.0.4 | 91.00 | 197.00 | 288.00 | NOTE | --no-vignettes |
r-patched-linux-x86_64 | 6.0.4 | 87.14 | 121.80 | 208.94 | OK | |
r-release-linux-x86_64 | 6.0.4 | 87.47 | 124.50 | 211.97 | OK | |
r-release-macos-arm64 | 6.0.4 | 78.00 | NOTE | |||
r-release-macos-x86_64 | 6.0.4 | 107.00 | NOTE | |||
r-release-windows-x86_64 | 6.0.4 | 104.00 | 205.00 | 309.00 | NOTE | --no-vignettes |
r-oldrel-macos-arm64 | 6.0.4 | 83.00 | NOTE | |||
r-oldrel-macos-x86_64 | 6.0.4 | 104.00 | NOTE | |||
r-oldrel-windows-ix86+x86_64 | 6.0.4 | 201.00 | 229.00 | 430.00 | NOTE | --no-vignettes |
Version: 6.0.4
Check: installed package size
Result: NOTE
installed size is 18.1Mb
sub-directories of 1Mb or more:
libs 17.4Mb
Flavors: r-devel-linux-x86_64-fedora-clang, r-release-macos-arm64, r-release-macos-x86_64, r-oldrel-macos-arm64, r-oldrel-macos-x86_64
Version: 6.0.4
Flags: --no-vignettes
Check: installed package size
Result: NOTE
installed size is 14.2Mb
sub-directories of 1Mb or more:
libs 13.5Mb
Flavors: r-devel-windows-x86_64, r-release-windows-x86_64, r-oldrel-windows-ix86+x86_64