CRAN Package Check Results for Package DLMtool

Last updated on 2019-07-19 15:46:57 CEST.

Flavor Version Tinstall Tcheck Ttotal Status Flags
r-devel-linux-x86_64-debian-clang 5.3.1 104.51 213.32 317.83 OK
r-devel-linux-x86_64-debian-gcc 5.3.1 89.56 161.11 250.67 OK
r-devel-linux-x86_64-fedora-clang 5.3.1 406.88 NOTE
r-devel-linux-x86_64-fedora-gcc 5.3.1 398.05 OK
r-devel-windows-ix86+x86_64 5.3.1 245.00 281.00 526.00 NOTE --no-vignettes
r-patched-linux-x86_64 5.3.1 104.20 213.93 318.13 OK
r-patched-solaris-x86 5.3.1 466.10 NOTE --no-build-vignettes
r-release-linux-x86_64 5.3.1 109.63 210.73 320.36 OK
r-release-windows-ix86+x86_64 5.3.1 170.00 294.00 464.00 NOTE --no-vignettes
r-release-osx-x86_64 5.3.1 NOTE
r-oldrel-windows-ix86+x86_64 5.3.1 174.00 378.00 552.00 NOTE --no-vignettes
r-oldrel-osx-x86_64 5.3.1 NOTE

Check Details

Version: 5.3.1
Check: installed package size
Result: NOTE
     installed size is 8.1Mb
     sub-directories of 1Mb or more:
     R 1.5Mb
     data 2.1Mb
     libs 3.6Mb
Flavors: r-devel-linux-x86_64-fedora-clang, r-release-osx-x86_64, r-oldrel-osx-x86_64

Version: 5.3.1
Flags: --no-vignettes
Check: installed package size
Result: NOTE
     installed size is 6.5Mb
     sub-directories of 1Mb or more:
     R 1.5Mb
     data 2.1Mb
     libs 2.0Mb
Flavors: r-devel-windows-ix86+x86_64, r-release-windows-ix86+x86_64, r-oldrel-windows-ix86+x86_64

Version: 5.3.1
Flags: --no-build-vignettes
Check: installed package size
Result: NOTE
     installed size is 5.2Mb
     sub-directories of 1Mb or more:
     R 1.6Mb
     data 2.1Mb
Flavor: r-patched-solaris-x86