CRAN Package Check Results for Package DLMtool

Last updated on 2024-02-25 08:52:59 CET.

Flavor Version Tinstall Tcheck Ttotal Status Flags
r-devel-linux-x86_64-debian-clang 6.0.6 109.57 122.85 232.42 NOTE
r-devel-linux-x86_64-debian-gcc 6.0.6 101.80 89.46 191.26 NOTE
r-devel-linux-x86_64-fedora-clang 6.0.6 306.88 NOTE
r-devel-linux-x86_64-fedora-gcc 6.0.6 316.86 NOTE
r-devel-windows-x86_64 6.0.6 84.00 170.00 254.00 NOTE --no-vignettes
r-patched-linux-x86_64 6.0.6 87.82 118.36 206.18 NOTE
r-release-linux-x86_64 6.0.6 85.92 116.62 202.54 NOTE
r-release-macos-arm64 6.0.6 77.00 NOTE
r-release-macos-x86_64 6.0.6 143.00 NOTE
r-release-windows-x86_64 6.0.6 107.00 191.00 298.00 NOTE --no-vignettes
r-oldrel-macos-arm64 6.0.6 72.00 NOTE
r-oldrel-windows-x86_64 6.0.6 97.00 182.00 279.00 NOTE --no-vignettes

Check Details

Version: 6.0.6
Check: package subdirectories
Result: NOTE Problems with news in ‘NEWS.md’: Cannot extract version info from the following section titles: Changes to previous versions Minor changes Fixes Previous Versions Flavors: r-devel-linux-x86_64-debian-clang, r-devel-linux-x86_64-debian-gcc, r-devel-linux-x86_64-fedora-clang, r-devel-linux-x86_64-fedora-gcc, r-patched-linux-x86_64, r-release-linux-x86_64, r-release-macos-arm64, r-release-macos-x86_64

Version: 6.0.6
Flags: --no-vignettes
Check: installed package size
Result: NOTE installed size is 14.3Mb sub-directories of 1Mb or more: libs 13.6Mb Flavors: r-devel-windows-x86_64, r-release-windows-x86_64, r-oldrel-windows-x86_64

Version: 6.0.6
Flags: --no-vignettes
Check: package subdirectories
Result: NOTE Problems with news in 'NEWS.md': Cannot extract version info from the following section titles: Changes to previous versions Minor changes Fixes Previous Versions Flavors: r-devel-windows-x86_64, r-release-windows-x86_64

Version: 6.0.6
Check: installed package size
Result: NOTE installed size is 34.3Mb sub-directories of 1Mb or more: libs 33.6Mb Flavors: r-release-macos-arm64, r-release-macos-x86_64, r-oldrel-macos-arm64