CRAN Package Check Results for Package DIFplus

Last updated on 2020-09-22 04:49:23 CEST.

Flavor Version Tinstall Tcheck Ttotal Status Flags
r-devel-linux-x86_64-debian-clang 1.1 7.14 48.74 55.88 OK
r-devel-linux-x86_64-debian-gcc 1.1 0.28 1.83 2.11 ERROR
r-devel-linux-x86_64-fedora-clang 1.1 79.68 OK
r-devel-linux-x86_64-fedora-gcc 1.1 80.39 OK
r-devel-windows-ix86+x86_64 1.1 16.00 69.00 85.00 OK
r-patched-linux-x86_64 1.1 6.57 47.99 54.56 OK
r-patched-solaris-x86 1.1 93.70 OK
r-release-linux-x86_64 1.1 7.80 49.23 57.03 OK
r-release-macos-x86_64 1.1 OK
r-release-windows-ix86+x86_64 1.1 19.00 55.00 74.00 OK
r-oldrel-macos-x86_64 1.1 OK
r-oldrel-windows-ix86+x86_64 1.1 10.00 74.00 84.00 OK

Check Details

Version: 1.1
Check: whether package can be installed
Result: ERROR
    Installation failed.
Flavor: r-devel-linux-x86_64-debian-gcc