CRAN Package Check Results for Package DHARMa

Last updated on 2022-09-27 21:53:47 CEST.

Flavor Version Tinstall Tcheck Ttotal Status Flags
r-devel-linux-x86_64-debian-clang 0.4.6 11.62 309.98 321.60 OK
r-devel-linux-x86_64-debian-gcc 0.4.6 8.83 223.84 232.67 OK
r-devel-linux-x86_64-fedora-clang 0.4.6 392.70 NOTE
r-devel-linux-x86_64-fedora-gcc 0.4.6 385.76 OK
r-devel-windows-x86_64 0.4.6 39.00 363.00 402.00 NOTE
r-patched-linux-x86_64 0.4.6 10.23 289.07 299.30 OK
r-release-linux-x86_64 0.4.6 11.16 298.70 309.86 OK
r-release-macos-arm64 0.4.6 110.00 NOTE
r-release-macos-x86_64 0.4.6 151.00 NOTE
r-release-windows-x86_64 0.4.6 24.00 352.00 376.00 NOTE
r-oldrel-macos-arm64 0.4.6 108.00 NOTE
r-oldrel-macos-x86_64 0.4.6 151.00 NOTE
r-oldrel-windows-ix86+x86_64 0.4.6 27.00 349.00 376.00 NOTE

Check Details

Version: 0.4.6
Check: installed package size
Result: NOTE
     installed size is 5.5Mb
     sub-directories of 1Mb or more:
     doc 5.1Mb
Flavors: r-devel-linux-x86_64-fedora-clang, r-devel-windows-x86_64, r-release-macos-arm64, r-release-macos-x86_64, r-release-windows-x86_64, r-oldrel-macos-arm64, r-oldrel-macos-x86_64, r-oldrel-windows-ix86+x86_64