CRAN Package Check Results for Package DGM

Last updated on 2019-04-24 14:47:22 CEST.

Flavor Version Tinstall Tcheck Ttotal Status Flags
r-devel-linux-x86_64-debian-clang 1.7.2 25.96 48.58 74.54 NOTE
r-devel-linux-x86_64-debian-gcc 1.7.2 21.05 37.54 58.59 NOTE
r-devel-linux-x86_64-fedora-clang 1.7.2 103.28 NOTE
r-devel-linux-x86_64-fedora-gcc 1.7.2 102.79 NOTE
r-devel-windows-ix86+x86_64 1.7.2 80.00 124.00 204.00 OK
r-patched-linux-x86_64 1.7.2 24.50 47.16 71.66 NOTE
r-patched-solaris-x86 1.7.2 127.20 OK
r-release-linux-x86_64 1.7.2 23.79 45.29 69.08 OK
r-release-windows-ix86+x86_64 1.7.2 54.00 119.00 173.00 OK
r-release-osx-x86_64 1.7.2 OK
r-oldrel-windows-ix86+x86_64 1.7.2 68.00 85.00 153.00 OK
r-oldrel-osx-x86_64 1.7.2 OK

Check Details

Version: 1.7.2
Check: use of SHLIB_OPENMP_*FLAGS in Makefiles
Result: NOTE
     src/Makevars: SHLIB_OPENMP_CXXFLAGS is included in PKG_CXXFLAGS but not in PKG_LIBS
     src/Makevars: SHLIB_OPENMP_CFLAGS is included in PKG_LIBS but linking is by C++
     src/Makevars.win: SHLIB_OPENMP_CXXFLAGS is included in PKG_CXXFLAGS but not in PKG_LIBS
     src/Makevars.win: SHLIB_OPENMP_CFLAGS is included in PKG_LIBS but linking is by C++
    Use of these macros is discussed in sect 1.2.1.1 of 'Writing R
    Extensions'. The macros for different languages may differ so the
    matching macro must be used in PKG_CXXFLAGS (etc) and match that used
    in PKG_LIBS (except for Fortran: see the manual).
Flavors: r-devel-linux-x86_64-debian-clang, r-devel-linux-x86_64-debian-gcc, r-devel-linux-x86_64-fedora-clang, r-devel-linux-x86_64-fedora-gcc, r-patched-linux-x86_64