CRAN Package Check Results for Package DGM

Last updated on 2019-07-16 00:13:14 CEST.

Flavor Version Tinstall Tcheck Ttotal Status Flags
r-devel-linux-x86_64-debian-clang 1.7.2 27.25 49.57 76.82 NOTE
r-devel-linux-x86_64-debian-gcc 1.7.2 22.46 38.64 61.10 NOTE
r-devel-linux-x86_64-fedora-clang 1.7.2 100.04 NOTE
r-devel-linux-x86_64-fedora-gcc 1.7.2 97.47 NOTE
r-devel-windows-ix86+x86_64 1.7.2 86.00 167.00 253.00 OK
r-patched-linux-x86_64 1.7.2 23.17 48.04 71.21 NOTE
r-patched-solaris-x86 1.7.2 135.10 OK
r-release-linux-x86_64 1.7.2 25.68 48.37 74.05 NOTE
r-release-windows-ix86+x86_64 1.7.2 64.00 135.00 199.00 OK
r-release-osx-x86_64 1.7.2 OK
r-oldrel-windows-ix86+x86_64 1.7.2 78.00 135.00 213.00 OK
r-oldrel-osx-x86_64 1.7.2 OK

Check Details

Version: 1.7.2
Check: use of SHLIB_OPENMP_*FLAGS in Makefiles
Result: NOTE
     src/Makevars: SHLIB_OPENMP_CXXFLAGS is included in PKG_CXXFLAGS but not in PKG_LIBS
     src/Makevars: SHLIB_OPENMP_CFLAGS is included in PKG_LIBS but linking is by C++
     src/Makevars.win: SHLIB_OPENMP_CXXFLAGS is included in PKG_CXXFLAGS but not in PKG_LIBS
     src/Makevars.win: SHLIB_OPENMP_CFLAGS is included in PKG_LIBS but linking is by C++
    Use of these macros is discussed in sect 1.2.1.1 of 'Writing R
    Extensions'. The macros for different languages may differ so the
    matching macro must be used in PKG_CXXFLAGS (etc) and match that used
    in PKG_LIBS (except for Fortran: see the manual).
Flavors: r-devel-linux-x86_64-debian-clang, r-devel-linux-x86_64-debian-gcc, r-devel-linux-x86_64-fedora-clang, r-devel-linux-x86_64-fedora-gcc, r-patched-linux-x86_64, r-release-linux-x86_64