CRAN Package Check Results for Package DEET

Last updated on 2024-06-14 05:58:20 CEST.

Flavor Version Tinstall Tcheck Ttotal Status Flags
r-devel-linux-x86_64-debian-clang 1.0.11 16.52 121.52 138.04 OK
r-devel-linux-x86_64-debian-gcc 1.0.11 0.34 1.87 2.21 ERROR
r-devel-linux-x86_64-fedora-clang 1.0.11 166.82 NOTE
r-devel-linux-x86_64-fedora-gcc 1.0.11 171.78 NOTE
r-devel-windows-x86_64 1.0.11 12.00 101.00 113.00 OK
r-patched-linux-x86_64 1.0.11 14.73 116.78 131.51 OK
r-release-linux-x86_64 1.0.11 12.16 116.17 128.33 OK
r-release-macos-arm64 1.0.11 56.00 OK
r-release-macos-x86_64 1.0.11 89.00 OK
r-release-windows-x86_64 1.0.11 12.00 113.00 125.00 OK
r-oldrel-macos-arm64 1.0.11 54.00 OK
r-oldrel-macos-x86_64 1.0.11 117.00 OK
r-oldrel-windows-x86_64 1.0.11 17.00 126.00 143.00 OK

Check Details

Version: 1.0.11
Check: package dependencies
Result: ERROR Packages required but not available: 'ActivePathways', 'dplyr', 'ggplot2', 'ggrepel' Package suggested but not available for checking: ‘testthat’ See section ‘The DESCRIPTION file’ in the ‘Writing R Extensions’ manual. Flavor: r-devel-linux-x86_64-debian-gcc

Version: 1.0.11
Check: data for non-ASCII characters
Result: NOTE Note: found 7 marked UTF-8 strings Flavors: r-devel-linux-x86_64-fedora-clang, r-devel-linux-x86_64-fedora-gcc