Last updated on 2022-08-12 14:48:54 CEST.
Flavor | Version | Tinstall | Tcheck | Ttotal | Status | Flags |
---|---|---|---|---|---|---|
r-devel-linux-x86_64-debian-clang | 0.1.5 | 68.99 | 66.40 | 135.39 | OK | |
r-devel-linux-x86_64-debian-gcc | 0.1.5 | 59.26 | 54.28 | 113.54 | OK | |
r-devel-linux-x86_64-fedora-clang | 0.1.5 | 199.43 | NOTE | |||
r-devel-linux-x86_64-fedora-gcc | 0.1.5 | 198.77 | OK | |||
r-devel-windows-x86_64 | 0.1.5 | 99.00 | 105.00 | 204.00 | OK | |
r-patched-linux-x86_64 | 0.1.5 | 61.68 | 68.56 | 130.24 | OK | |
r-release-linux-x86_64 | 0.1.5 | 61.07 | 67.43 | 128.50 | OK | |
r-release-macos-arm64 | 0.1.5 | 54.00 | NOTE | |||
r-release-macos-x86_64 | 0.1.5 | 70.00 | NOTE | |||
r-release-windows-x86_64 | 0.1.5 | 56.00 | 109.00 | 165.00 | OK | |
r-oldrel-macos-arm64 | 0.1.5 | 59.00 | NOTE | |||
r-oldrel-macos-x86_64 | 0.1.5 | 104.00 | NOTE | |||
r-oldrel-windows-ix86+x86_64 | 0.1.5 | 145.00 | 133.00 | 278.00 | OK |
Version: 0.1.5
Check: installed package size
Result: NOTE
installed size is 20.4Mb
sub-directories of 1Mb or more:
libs 20.2Mb
Flavors: r-devel-linux-x86_64-fedora-clang, r-release-macos-arm64, r-release-macos-x86_64, r-oldrel-macos-arm64, r-oldrel-macos-x86_64