CRAN Package Check Results for Package DDHFm

Last updated on 2019-08-19 20:46:12 CEST.

Flavor Version Tinstall Tcheck Ttotal Status Flags
r-devel-linux-x86_64-debian-clang 1.1.2 3.84 44.11 47.95 OK
r-devel-linux-x86_64-debian-gcc 1.1.2 2.61 33.93 36.54 OK
r-devel-linux-x86_64-fedora-clang 1.1.2 61.17 NOTE
r-devel-linux-x86_64-fedora-gcc 1.1.2 58.28 NOTE
r-devel-windows-ix86+x86_64 1.1.2 13.00 83.00 96.00 OK
r-patched-linux-x86_64 1.1.2 3.12 44.43 47.55 OK
r-patched-solaris-x86 1.1.2 65.00 OK
r-release-linux-x86_64 1.1.2 2.76 44.16 46.92 OK
r-release-windows-ix86+x86_64 1.1.2 9.00 61.00 70.00 OK
r-release-osx-x86_64 1.1.2 OK
r-oldrel-windows-ix86+x86_64 1.1.2 14.00 81.00 95.00 OK
r-oldrel-osx-x86_64 1.1.2 OK

Check Details

Version: 1.1.2
Check: compiled code
Result: NOTE
    File ‘DDHFm/libs/DDHFm.so’:
     Found no calls to: ‘R_registerRoutines’, ‘R_useDynamicSymbols’
    
    It is good practice to register native routines and to disable symbol
    search.
    
    See ‘Writing portable packages’ in the ‘Writing R Extensions’ manual.
Flavors: r-devel-linux-x86_64-fedora-clang, r-devel-linux-x86_64-fedora-gcc