CRAN Package Check Results for Package DDHFm

Last updated on 2019-04-24 05:48:07 CEST.

Flavor Version Tinstall Tcheck Ttotal Status Flags
r-devel-linux-x86_64-debian-clang 1.1.2 3.39 44.04 47.43 OK
r-devel-linux-x86_64-debian-gcc 1.1.2 2.43 33.42 35.85 OK
r-devel-linux-x86_64-fedora-clang 1.1.2 57.49 NOTE
r-devel-linux-x86_64-fedora-gcc 1.1.2 60.15 NOTE
r-devel-windows-ix86+x86_64 1.1.2 11.00 80.00 91.00 OK
r-patched-linux-x86_64 1.1.2 3.01 43.84 46.85 OK
r-patched-solaris-x86 1.1.2 63.90 OK
r-release-linux-x86_64 1.1.2 2.58 45.18 47.76 OK
r-release-windows-ix86+x86_64 1.1.2 7.00 83.00 90.00 OK
r-release-osx-x86_64 1.1.2 OK
r-oldrel-windows-ix86+x86_64 1.1.2 10.00 75.00 85.00 OK
r-oldrel-osx-x86_64 1.1.2 OK

Check Details

Version: 1.1.2
Check: compiled code
Result: NOTE
    File ‘DDHFm/libs/DDHFm.so’:
     Found no calls to: ‘R_registerRoutines’, ‘R_useDynamicSymbols’
    
    It is good practice to register native routines and to disable symbol
    search.
    
    See ‘Writing portable packages’ in the ‘Writing R Extensions’ manual.
Flavors: r-devel-linux-x86_64-fedora-clang, r-devel-linux-x86_64-fedora-gcc