CRAN Package Check Results for Package DDHFm

Last updated on 2019-02-23 04:56:35 CET.

Flavor Version Tinstall Tcheck Ttotal Status Flags
r-devel-linux-x86_64-debian-clang 1.1.2 3.14 46.75 49.89 OK
r-devel-linux-x86_64-debian-gcc 1.1.2 2.25 35.98 38.23 OK
r-devel-linux-x86_64-fedora-clang 1.1.2 64.03 NOTE
r-devel-linux-x86_64-fedora-gcc 1.1.2 60.28 NOTE
r-devel-windows-ix86+x86_64 1.1.2 11.00 88.00 99.00 OK
r-patched-linux-x86_64 1.1.2 1.91 44.84 46.75 OK
r-patched-solaris-x86 1.1.2 65.10 OK
r-release-linux-x86_64 1.1.2 OK
r-release-windows-ix86+x86_64 1.1.2 12.00 88.00 100.00 OK
r-release-osx-x86_64 1.1.2 OK
r-oldrel-windows-ix86+x86_64 1.1.2 8.00 76.00 84.00 OK
r-oldrel-osx-x86_64 1.1.2 OK

Check Details

Version: 1.1.2
Check: compiled code
Result: NOTE
    File ‘DDHFm/libs/DDHFm.so’:
     Found no calls to: ‘R_registerRoutines’, ‘R_useDynamicSymbols’
    
    It is good practice to register native routines and to disable symbol
    search.
    
    See ‘Writing portable packages’ in the ‘Writing R Extensions’ manual.
Flavors: r-devel-linux-x86_64-fedora-clang, r-devel-linux-x86_64-fedora-gcc