CRAN Package Check Results for Package DCPO

Last updated on 2020-07-08 10:50:29 CEST.

Flavor Version Tinstall Tcheck Ttotal Status Flags
r-devel-linux-x86_64-debian-clang 0.5.3 346.40 80.49 426.89 NOTE
r-devel-linux-x86_64-debian-gcc 0.5.3 270.36 70.23 340.59 NOTE
r-devel-linux-x86_64-fedora-clang 0.5.3 552.05 NOTE
r-devel-linux-x86_64-fedora-gcc 0.5.3 533.51 NOTE
r-devel-windows-ix86+x86_64 0.5.3 468.00 165.00 633.00 NOTE
r-patched-linux-x86_64 0.5.3 243.89 88.95 332.84 NOTE
r-patched-solaris-x86 0.5.3 525.50 NOTE
r-release-linux-x86_64 0.5.3 0.02 2.64 2.66 ERROR
r-release-osx-x86_64 0.5.3 NOTE
r-release-windows-ix86+x86_64 0.5.3 330.00 5.00 335.00 ERROR
r-oldrel-osx-x86_64 0.5.3 NOTE
r-oldrel-windows-ix86+x86_64 0.5.3 603.00 214.00 817.00 NOTE

Check Details

Version: 0.5.3
Check: for GNU extensions in Makefiles
Result: NOTE
    GNU make is a SystemRequirements.
Flavors: r-devel-linux-x86_64-debian-clang, r-devel-linux-x86_64-debian-gcc, r-devel-linux-x86_64-fedora-clang, r-devel-linux-x86_64-fedora-gcc, r-devel-windows-ix86+x86_64, r-patched-linux-x86_64, r-patched-solaris-x86, r-release-osx-x86_64, r-oldrel-osx-x86_64, r-oldrel-windows-ix86+x86_64

Version: 0.5.3
Check: installed package size
Result: NOTE
     installed size is 61.6Mb
     sub-directories of 1Mb or more:
     libs 61.1Mb
Flavors: r-devel-linux-x86_64-fedora-clang, r-devel-windows-ix86+x86_64, r-release-osx-x86_64, r-oldrel-osx-x86_64, r-oldrel-windows-ix86+x86_64

Version: 0.5.3
Check: data for non-ASCII characters
Result: NOTE
     Note: found 38 marked UTF-8 strings
Flavors: r-devel-linux-x86_64-fedora-clang, r-devel-linux-x86_64-fedora-gcc, r-patched-solaris-x86, r-release-osx-x86_64, r-oldrel-osx-x86_64

Version: 0.5.3
Check: whether package can be installed
Result: ERROR
    Installation failed.
Flavors: r-release-linux-x86_64, r-release-windows-ix86+x86_64