Last updated on 2022-06-25 20:50:14 CEST.
Flavor | Version | Tinstall | Tcheck | Ttotal | Status | Flags |
---|---|---|---|---|---|---|
r-devel-linux-x86_64-debian-clang | 1.7.2 | 21.27 | 68.86 | 90.13 | NOTE | |
r-devel-linux-x86_64-debian-gcc | 1.7.2 | 17.96 | 53.05 | 71.01 | NOTE | |
r-devel-linux-x86_64-fedora-clang | 1.7.2 | 130.96 | NOTE | |||
r-devel-linux-x86_64-fedora-gcc | 1.7.2 | 134.87 | NOTE | |||
r-devel-windows-x86_64 | 1.7.2 | 59.00 | 105.00 | 164.00 | NOTE | |
r-patched-linux-x86_64 | 1.7.2 | 23.10 | 67.97 | 91.07 | NOTE | |
r-release-linux-x86_64 | 1.7.2 | 14.85 | 68.00 | 82.85 | NOTE | |
r-release-macos-arm64 | 1.7.2 | 38.00 | NOTE | |||
r-release-macos-x86_64 | 1.7.2 | 74.00 | NOTE | |||
r-release-windows-x86_64 | 1.7.2 | 52.00 | 103.00 | 155.00 | NOTE | |
r-oldrel-macos-arm64 | 1.7.2 | 32.00 | NOTE | |||
r-oldrel-macos-x86_64 | 1.7.2 | 51.00 | NOTE | |||
r-oldrel-windows-ix86+x86_64 | 1.7.2 | 40.00 | 109.00 | 149.00 | NOTE |
Version: 1.7.2
Check: package dependencies
Result: NOTE
Package suggested but not available for checking: 'dblog'
Flavors: r-devel-linux-x86_64-debian-clang, r-devel-linux-x86_64-debian-gcc, r-devel-linux-x86_64-fedora-clang, r-devel-linux-x86_64-fedora-gcc, r-devel-windows-x86_64, r-patched-linux-x86_64, r-release-linux-x86_64, r-release-macos-arm64, r-release-macos-x86_64, r-release-windows-x86_64, r-oldrel-macos-arm64, r-oldrel-macos-x86_64, r-oldrel-windows-ix86+x86_64