Last updated on 2023-05-28 00:56:15 CEST.
Flavor | Version | Tinstall | Tcheck | Ttotal | Status | Flags |
---|---|---|---|---|---|---|
r-devel-linux-x86_64-debian-clang | 1.7.3 | 26.00 | 73.12 | 99.12 | NOTE | |
r-devel-linux-x86_64-debian-gcc | 1.7.3 | 21.12 | 56.03 | 77.15 | NOTE | |
r-devel-linux-x86_64-fedora-clang | 1.7.3 | 127.87 | NOTE | |||
r-devel-linux-x86_64-fedora-gcc | 1.7.3 | 132.11 | NOTE | |||
r-devel-windows-x86_64 | 1.7.3 | 19.00 | 81.00 | 100.00 | NOTE | |
r-patched-linux-x86_64 | 1.7.3 | 27.36 | 70.69 | 98.05 | NOTE | |
r-release-linux-x86_64 | 1.7.3 | 15.58 | 69.50 | 85.08 | NOTE | |
r-release-macos-arm64 | 1.7.3 | 41.00 | NOTE | |||
r-release-macos-x86_64 | 1.7.3 | 69.00 | NOTE | |||
r-release-windows-x86_64 | 1.7.3 | 25.00 | 90.00 | 115.00 | NOTE | |
r-oldrel-macos-arm64 | 1.7.3 | 37.00 | NOTE | |||
r-oldrel-macos-x86_64 | 1.7.3 | 50.00 | NOTE | |||
r-oldrel-windows-x86_64 | 1.7.3 | 28.00 | 84.00 | 112.00 | NOTE |
Version: 1.7.3
Check: package dependencies
Result: NOTE
Package suggested but not available for checking: ‘dblog’
Flavors: r-devel-linux-x86_64-debian-clang, r-devel-linux-x86_64-debian-gcc, r-devel-linux-x86_64-fedora-clang, r-devel-linux-x86_64-fedora-gcc, r-devel-windows-x86_64, r-patched-linux-x86_64, r-release-linux-x86_64, r-release-macos-arm64, r-release-macos-x86_64, r-release-windows-x86_64, r-oldrel-macos-arm64, r-oldrel-macos-x86_64, r-oldrel-windows-x86_64