Last updated on 2023-02-06 09:55:40 CET.
Flavor | Version | Tinstall | Tcheck | Ttotal | Status | Flags |
---|---|---|---|---|---|---|
r-devel-linux-x86_64-debian-clang | 1.7.3 | 22.79 | 70.73 | 93.52 | NOTE | |
r-devel-linux-x86_64-debian-gcc | 1.7.3 | 20.71 | 55.01 | 75.72 | NOTE | |
r-devel-linux-x86_64-fedora-clang | 1.7.3 | 127.88 | NOTE | |||
r-devel-linux-x86_64-fedora-gcc | 1.7.3 | 141.57 | NOTE | |||
r-devel-windows-x86_64 | 1.7.3 | 79.00 | 110.00 | 189.00 | NOTE | |
r-patched-linux-x86_64 | 1.7.3 | 22.91 | 66.71 | 89.62 | NOTE | |
r-release-linux-x86_64 | 1.7.3 | 17.71 | 67.21 | 84.92 | NOTE | |
r-release-macos-arm64 | 1.7.3 | 37.00 | NOTE | |||
r-release-macos-x86_64 | 1.7.3 | 50.00 | NOTE | |||
r-release-windows-x86_64 | 1.7.3 | 67.00 | 105.00 | 172.00 | NOTE | |
r-oldrel-macos-arm64 | 1.7.3 | 38.00 | NOTE | |||
r-oldrel-macos-x86_64 | 1.7.3 | 51.00 | NOTE | |||
r-oldrel-windows-ix86+x86_64 | 1.7.3 | 41.00 | 99.00 | 140.00 | NOTE |
Version: 1.7.3
Check: package dependencies
Result: NOTE
Package suggested but not available for checking: ‘dblog’
Flavors: r-devel-linux-x86_64-debian-clang, r-devel-linux-x86_64-debian-gcc, r-devel-linux-x86_64-fedora-clang, r-devel-linux-x86_64-fedora-gcc, r-devel-windows-x86_64, r-patched-linux-x86_64, r-release-linux-x86_64, r-release-macos-arm64, r-release-macos-x86_64, r-release-windows-x86_64, r-oldrel-macos-arm64, r-oldrel-macos-x86_64, r-oldrel-windows-ix86+x86_64