Last updated on 2023-01-30 07:55:03 CET.
Flavor | Version | Tinstall | Tcheck | Ttotal | Status | Flags |
---|---|---|---|---|---|---|
r-devel-linux-x86_64-debian-clang | 1.1.3 | 6.59 | 87.62 | 94.21 | OK | |
r-devel-linux-x86_64-debian-gcc | 1.1.3 | 5.83 | 65.65 | 71.48 | OK | |
r-devel-linux-x86_64-fedora-clang | 1.1.3 | 121.70 | NOTE | |||
r-devel-linux-x86_64-fedora-gcc | 1.1.3 | 143.28 | OK | |||
r-devel-windows-x86_64 | 1.1.3 | 86.00 | 159.00 | 245.00 | OK | |
r-patched-linux-x86_64 | 1.1.3 | 8.78 | 79.11 | 87.89 | OK | |
r-release-linux-x86_64 | 1.1.3 | 8.67 | 86.18 | 94.85 | OK | |
r-release-macos-arm64 | 1.1.3 | 93.00 | OK | |||
r-release-macos-x86_64 | 1.1.3 | 149.00 | OK | |||
r-release-windows-x86_64 | 1.1.3 | 98.00 | 360.00 | 458.00 | OK | |
r-oldrel-macos-arm64 | 1.1.3 | 92.00 | OK | |||
r-oldrel-macos-x86_64 | 1.1.3 | 160.00 | OK | |||
r-oldrel-windows-ix86+x86_64 | 1.1.3 | 17.00 | 115.00 | 132.00 | OK |
Version: 1.1.3
Check: Rd cross-references
Result: NOTE
Undeclared package ‘withr’ in Rd xrefs
Flavor: r-devel-linux-x86_64-fedora-clang