CRAN Package Check Results for Package DALY

Last updated on 2022-08-14 13:50:58 CEST.

Flavor Version Tinstall Tcheck Ttotal Status Flags
r-devel-linux-x86_64-debian-clang 1.5.0 7.92 46.09 54.01 OK
r-devel-linux-x86_64-debian-gcc 1.5.0 6.57 34.71 41.28 OK
r-devel-linux-x86_64-fedora-clang 1.5.0 77.07 NOTE
r-devel-linux-x86_64-fedora-gcc 1.5.0 76.26 NOTE
r-devel-windows-x86_64 1.5.0 28.00 81.00 109.00 OK
r-patched-linux-x86_64 1.5.0 9.54 46.81 56.35 OK
r-release-linux-x86_64 1.5.0 8.75 47.36 56.11 OK
r-release-macos-arm64 1.5.0 36.00 OK
r-release-macos-x86_64 1.5.0 43.00 OK
r-release-windows-x86_64 1.5.0 21.00 78.00 99.00 OK
r-oldrel-macos-arm64 1.5.0 40.00 OK
r-oldrel-macos-x86_64 1.5.0 65.00 OK
r-oldrel-windows-ix86+x86_64 1.5.0 19.00 76.00 95.00 OK

Check Details

Version: 1.5.0
Check: compiled code
Result: NOTE
    File ‘DALY/libs/DALY.so’:
     Found no calls to: ‘R_registerRoutines’, ‘R_useDynamicSymbols’
    
    It is good practice to register native routines and to disable symbol
    search.
    
    See ‘Writing portable packages’ in the ‘Writing R Extensions’ manual.
Flavors: r-devel-linux-x86_64-fedora-clang, r-devel-linux-x86_64-fedora-gcc