CRAN Package Check Results for Package D3partitionR

Last updated on 2025-01-14 16:49:24 CET.

Flavor Version Tinstall Tcheck Ttotal Status Flags
r-devel-linux-x86_64-debian-clang 0.5.0 3.70 27.79 31.49 OK
r-devel-linux-x86_64-debian-gcc 0.5.0 2.54 20.68 23.22 OK
r-devel-linux-x86_64-fedora-clang 0.5.0 49.46 NOTE
r-devel-linux-x86_64-fedora-gcc 0.5.0 45.37 NOTE
r-devel-windows-x86_64 0.5.0 7.00 50.00 57.00 OK
r-patched-linux-x86_64 0.5.0 3.33 25.20 28.53 NOTE
r-release-linux-x86_64 0.5.0 3.77 25.23 29.00 NOTE
r-release-macos-arm64 0.5.0 20.00 NOTE
r-release-macos-x86_64 0.5.0 27.00 NOTE
r-release-windows-x86_64 0.5.0 7.00 51.00 58.00 NOTE
r-oldrel-macos-arm64 0.5.0 21.00 NOTE
r-oldrel-macos-x86_64 0.5.0 28.00 NOTE
r-oldrel-windows-x86_64 0.5.0 6.00 53.00 59.00 NOTE

Check Details

Version: 0.5.0
Check: dependencies in R code
Result: NOTE Namespace in Imports field not imported from: ‘titanic’ All declared Imports should be used. Flavors: r-devel-linux-x86_64-fedora-clang, r-devel-linux-x86_64-fedora-gcc

Version: 0.5.0
Check: LazyData
Result: NOTE 'LazyData' is specified without a 'data' directory Flavors: r-patched-linux-x86_64, r-release-linux-x86_64, r-release-macos-arm64, r-release-macos-x86_64, r-release-windows-x86_64, r-oldrel-macos-arm64, r-oldrel-macos-x86_64, r-oldrel-windows-x86_64