Last updated on 2025-06-24 02:50:58 CEST.
Flavor | Version | Tinstall | Tcheck | Ttotal | Status | Flags |
---|---|---|---|---|---|---|
r-devel-linux-x86_64-debian-clang | 3.5.1 | 194.91 | 116.13 | 311.04 | OK | |
r-devel-linux-x86_64-debian-gcc | 3.5.1 | 163.22 | 84.07 | 247.29 | WARN | |
r-devel-linux-x86_64-fedora-clang | 3.5.1 | 530.64 | OK | |||
r-devel-linux-x86_64-fedora-gcc | 3.5.1 | 611.86 | OK | |||
r-devel-windows-x86_64 | 3.5.1 | 252.00 | 165.00 | 417.00 | OK | |
r-patched-linux-x86_64 | 3.5.1 | 221.68 | 111.74 | 333.42 | OK | |
r-release-linux-x86_64 | 3.5.1 | 228.54 | 111.16 | 339.70 | OK | |
r-release-macos-arm64 | 3.5.1 | 105.00 | OK | |||
r-release-macos-x86_64 | 3.5.1 | 218.00 | OK | |||
r-release-windows-x86_64 | 3.5.1 | 242.00 | 163.00 | 405.00 | OK | |
r-oldrel-macos-arm64 | 3.5.1 | 134.00 | NOTE | |||
r-oldrel-macos-x86_64 | 3.5.1 | 206.00 | NOTE | |||
r-oldrel-windows-x86_64 | 3.5.1 | 305.00 | 215.00 | 520.00 | OK |
Version: 3.5.1
Check: for unstated dependencies in ‘tests’
Result: WARN
'library' or 'require' call not declared from: ‘SelfControlledCaseSeries’
Flavor: r-devel-linux-x86_64-debian-gcc
Version: 3.5.1
Check: installed package size
Result: NOTE
installed size is 28.9Mb
sub-directories of 1Mb or more:
libs 28.1Mb
Flavors: r-oldrel-macos-arm64, r-oldrel-macos-x86_64