CRAN Package Check Results for Package CsChange

Last updated on 2022-09-25 00:49:02 CEST.

Flavor Version Tinstall Tcheck Ttotal Status Flags
r-devel-linux-x86_64-debian-clang 0.1.6 16.24 128.20 144.44 NOTE
r-devel-linux-x86_64-debian-gcc 0.1.6 12.05 93.92 105.97 NOTE
r-devel-linux-x86_64-fedora-clang 0.1.6 176.79 NOTE
r-devel-linux-x86_64-fedora-gcc 0.1.6 170.47 NOTE
r-devel-windows-x86_64 0.1.6 17.00 135.00 152.00 NOTE
r-patched-linux-x86_64 0.1.6 11.58 117.54 129.12 NOTE
r-release-linux-x86_64 0.1.6 9.09 117.62 126.71 NOTE
r-release-macos-arm64 0.1.6 61.00 NOTE
r-release-macos-x86_64 0.1.6 91.00 NOTE
r-release-windows-x86_64 0.1.6 14.00 140.00 154.00 NOTE
r-oldrel-macos-arm64 0.1.6 62.00 NOTE
r-oldrel-macos-x86_64 0.1.6 89.00 NOTE
r-oldrel-windows-ix86+x86_64 0.1.6 34.00 140.00 174.00 NOTE

Check Details

Version: 0.1.6
Check: LazyData
Result: NOTE
     'LazyData' is specified without a 'data' directory
Flavors: r-devel-linux-x86_64-debian-clang, r-devel-linux-x86_64-debian-gcc, r-devel-linux-x86_64-fedora-clang, r-devel-linux-x86_64-fedora-gcc, r-devel-windows-x86_64, r-patched-linux-x86_64, r-release-linux-x86_64, r-release-macos-arm64, r-release-macos-x86_64, r-release-windows-x86_64, r-oldrel-macos-arm64, r-oldrel-macos-x86_64, r-oldrel-windows-ix86+x86_64