CRAN Package Check Results for Package CrypticIBDcheck

Last updated on 2019-08-24 08:49:48 CEST.

Flavor Version Tinstall Tcheck Ttotal Status Flags
r-devel-linux-x86_64-debian-clang 0.3-3 13.86 107.44 121.30 OK
r-devel-linux-x86_64-debian-gcc 0.3-3 11.66 84.48 96.14 OK
r-devel-linux-x86_64-fedora-clang 0.3-3 144.52 OK
r-devel-linux-x86_64-fedora-gcc 0.3-3 145.59 OK
r-devel-windows-ix86+x86_64 0.3-3 23.00 6.00 29.00 ERROR
r-patched-linux-x86_64 0.3-3 12.86 103.47 116.33 OK
r-release-linux-x86_64 0.3-3 11.99 103.05 115.04 OK
r-release-windows-ix86+x86_64 0.3-3 60.00 221.00 281.00 OK
r-release-osx-x86_64 0.3-3 ERROR
r-oldrel-windows-ix86+x86_64 0.3-3 28.00 210.00 238.00 OK
r-oldrel-osx-x86_64 0.3-3 OK

Check Details

Version: 0.3-3
Check: whether package can be installed
Result: ERROR
    Installation failed.
Flavor: r-devel-windows-ix86+x86_64

Version: 0.3-3
Check: package dependencies
Result: ERROR
    Packages required but not available: 'rJPSGCS', 'chopsticks'
    
    See section ‘The DESCRIPTION file’ in the ‘Writing R Extensions’
    manual.
Flavor: r-release-osx-x86_64