CRAN Package Check Results for Package CruzPlot

Last updated on 2023-12-10 18:52:07 CET.

Flavor Version Tinstall Tcheck Ttotal Status Flags
r-devel-linux-x86_64-debian-clang 1.4.8 4.93 38.44 43.37 OK
r-devel-linux-x86_64-debian-gcc 1.4.8 3.67 30.40 34.07 OK
r-devel-linux-x86_64-fedora-clang 1.4.8 59.11 NOTE
r-devel-linux-x86_64-fedora-gcc 1.4.8 54.21 NOTE
r-devel-windows-x86_64 1.4.8 7.00 51.00 58.00 OK
r-patched-linux-x86_64 1.4.8 2.60 37.62 40.22 OK
r-release-linux-x86_64 1.4.8 3.10 38.16 41.26 OK
r-release-macos-arm64 1.4.8 23.00 OK
r-release-macos-x86_64 1.4.8 29.00 OK
r-release-windows-x86_64 1.4.8 8.00 53.00 61.00 OK
r-oldrel-macos-arm64 1.4.8 20.00 NOTE
r-oldrel-macos-x86_64 1.4.8 28.00 NOTE
r-oldrel-windows-x86_64 1.4.8 8.00 61.00 69.00 OK

Check Details

Version: 1.4.8
Check: dependencies in R code
Result: NOTE Namespaces in Imports field not imported from: ‘DT’ ‘dplyr’ ‘geosphere’ ‘mapdata’ ‘maps’ ‘marmap’ ‘shinydashboard’ ‘shinyjs’ ‘stringr’ ‘swfscDAS’ All declared Imports should be used. Flavors: r-devel-linux-x86_64-fedora-clang, r-devel-linux-x86_64-fedora-gcc, r-oldrel-macos-arm64, r-oldrel-macos-x86_64