CRAN Package Check Results for Package CpGassoc

Last updated on 2020-04-04 02:49:57 CEST.

Flavor Version Tinstall Tcheck Ttotal Status Flags
r-devel-linux-x86_64-debian-clang 2.60 6.05 77.96 84.01 OK
r-devel-linux-x86_64-debian-gcc 2.60 4.69 64.47 69.16 OK
r-devel-linux-x86_64-fedora-clang 2.60 102.65 OK
r-devel-linux-x86_64-fedora-gcc 2.60 102.78 OK
r-devel-windows-ix86+x86_64 2.60 11.00 85.00 96.00 OK
r-devel-windows-ix86+x86_64-gcc8 2.60 10.00 87.00 97.00 OK
r-patched-linux-x86_64 2.60 7.27 77.49 84.76 OK
r-patched-solaris-x86 2.60 152.00 OK
r-release-linux-x86_64 2.60 5.70 72.35 78.05 OK
r-release-windows-ix86+x86_64 2.60 9.00 124.00 133.00 OK
r-release-osx-x86_64 2.60 NOTE
r-oldrel-windows-ix86+x86_64 2.60 9.00 81.00 90.00 OK
r-oldrel-osx-x86_64 2.60 OK

Check Details

Version: 2.60
Check: package dependencies
Result: NOTE
    Package suggested but not available for checking: ‘qvalue’
Flavor: r-release-osx-x86_64