CRAN Package Check Results for Package CoxPlus

Last updated on 2019-02-17 07:46:49 CET.

Flavor Version Tinstall Tcheck Ttotal Status Flags
r-devel-linux-x86_64-debian-clang 1.1.1 44.39 25.97 70.36 OK
r-devel-linux-x86_64-debian-gcc 1.1.1 33.29 20.92 54.21 OK
r-devel-linux-x86_64-fedora-clang 1.1.1 106.53 NOTE
r-devel-linux-x86_64-fedora-gcc 1.1.1 87.26 NOTE
r-devel-windows-ix86+x86_64 1.1.1 120.00 61.00 181.00 OK
r-patched-linux-x86_64 1.1.1 36.71 24.68 61.39 OK
r-patched-solaris-x86 1.1.1 97.70 OK
r-release-linux-x86_64 1.1.1 OK
r-release-windows-ix86+x86_64 1.1.1 72.00 82.00 154.00 OK
r-release-osx-x86_64 1.1.1 NOTE
r-oldrel-windows-ix86+x86_64 1.1.1 97.00 73.00 170.00 OK
r-oldrel-osx-x86_64 1.1.1 NOTE

Check Details

Version: 1.1.1
Check: installed package size
Result: NOTE
     installed size is 5.7Mb
     sub-directories of 1Mb or more:
     libs 5.5Mb
Flavors: r-devel-linux-x86_64-fedora-clang, r-release-osx-x86_64, r-oldrel-osx-x86_64

Version: 1.1.1
Check: compiled code
Result: NOTE
    File ‘CoxPlus/libs/CoxPlus.so’:
     Found no calls to: ‘R_registerRoutines’, ‘R_useDynamicSymbols’
    
    It is good practice to register native routines and to disable symbol
    search.
    
    See ‘Writing portable packages’ in the ‘Writing R Extensions’ manual.
Flavors: r-devel-linux-x86_64-fedora-clang, r-devel-linux-x86_64-fedora-gcc