CRAN Package Check Results for Package CovTools

Last updated on 2019-06-16 13:19:09 CEST.

Flavor Version Tinstall Tcheck Ttotal Status Flags
r-devel-linux-x86_64-debian-clang 0.5.1 50.19 77.17 127.36 OK
r-devel-linux-x86_64-debian-gcc 0.5.1 40.43 62.35 102.78 OK
r-devel-linux-x86_64-fedora-clang 0.5.1 172.27 OK
r-devel-linux-x86_64-fedora-gcc 0.5.1 161.63 OK
r-devel-windows-ix86+x86_64 0.5.1 164.00 149.00 313.00 OK
r-patched-linux-x86_64 0.5.1 47.51 77.93 125.44 OK
r-patched-solaris-x86 0.5.1 228.70 OK
r-release-linux-x86_64 0.5.1 49.10 78.48 127.58 OK
r-release-windows-ix86+x86_64 0.5.1 121.00 165.00 286.00 OK
r-release-osx-x86_64 0.5.1 WARN
r-oldrel-windows-ix86+x86_64 0.5.1 119.00 176.00 295.00 OK
r-oldrel-osx-x86_64 0.5.1 OK

Check Details

Version: 0.5.1
Check: whether package can be installed
Result: WARN
    Found the following significant warnings:
     Warning: 'rgl_init' failed, running with rgl.useNULL = TRUE
Flavor: r-release-osx-x86_64

Version: 0.5.1
Check: Rd files
Result: WARN
    prepare_Rd: RGL: unable to open X11 display
    prepare_Rd: 'rgl_init' failed, running with rgl.useNULL = TRUE
Flavor: r-release-osx-x86_64