CRAN Package Check Results for Package Counterfactual

Last updated on 2019-04-25 19:48:24 CEST.

Flavor Version Tinstall Tcheck Ttotal Status Flags
r-devel-linux-x86_64-debian-clang 1.1 11.25 109.85 121.10 OK
r-devel-linux-x86_64-debian-gcc 1.1 10.07 87.16 97.23 OK
r-devel-linux-x86_64-fedora-clang 1.1 145.19 OK
r-devel-linux-x86_64-fedora-gcc 1.1 154.36 OK
r-devel-windows-ix86+x86_64 1.1 37.00 533.00 570.00 OK
r-patched-linux-x86_64 1.1 11.08 104.34 115.42 OK
r-patched-solaris-x86 1.1 1226.00 OK
r-release-linux-x86_64 1.1 7.09 103.36 110.45 OK
r-release-windows-ix86+x86_64 1.1 14.00 397.00 411.00 OK
r-release-osx-x86_64 1.1 OK
r-oldrel-windows-ix86+x86_64 1.1 12.00 455.00 467.00 OK
r-oldrel-osx-x86_64 1.1 NOTE

Check Details

Version: 1.1
Check: re-building of vignette outputs
Result: NOTE
    Error in re-building vignettes:
     ...
    
    The following object is masked from ‘package:base’:
    
     backsolve
    
    The following objects are masked from engel (pos = 3):
    
     foodexp, income
    
    Warning: glm.fit: fitted probabilities numerically 0 or 1 occurred
    Warning: glm.fit: fitted probabilities numerically 0 or 1 occurred
    Warning: glm.fit: fitted probabilities numerically 0 or 1 occurred
    Warning: glm.fit: fitted probabilities numerically 0 or 1 occurred
    Error in texi2dvi(file = file, pdf = TRUE, clean = clean, quiet = quiet, :
     Running 'texi2dvi' on 'vignette.tex' failed.
    BibTeX errors:
    The top-level auxiliary file: vignette.aux
    I couldn't open style file chicago.bst
    ---line 45 of file vignette.aux
     : \bibstyle{chicago
     : }
    I'm skipping whatever remains of this command
    I found no style file---while reading file vignette.aux
    Calls: buildVignettes -> texi2pdf -> texi2dvi
    Execution halted
Flavor: r-oldrel-osx-x86_64