CRAN Package Check Results for Package Counterfactual

Last updated on 2019-02-19 19:47:23 CET.

Flavor Version Tinstall Tcheck Ttotal Status Flags
r-devel-linux-x86_64-debian-clang 1.1 9.84 111.93 121.77 OK
r-devel-linux-x86_64-debian-gcc 1.1 7.99 84.83 92.82 OK
r-devel-linux-x86_64-fedora-clang 1.1 146.72 OK
r-devel-linux-x86_64-fedora-gcc 1.1 131.82 OK
r-devel-windows-ix86+x86_64 1.1 22.00 542.00 564.00 OK
r-patched-linux-x86_64 1.1 7.92 103.35 111.27 OK
r-patched-solaris-x86 1.1 1275.50 OK
r-release-linux-x86_64 1.1 7.23 104.33 111.56 OK
r-release-windows-ix86+x86_64 1.1 13.00 517.00 530.00 OK
r-release-osx-x86_64 1.1 OK
r-oldrel-windows-ix86+x86_64 1.1 14.00 602.00 616.00 OK
r-oldrel-osx-x86_64 1.1 NOTE

Check Details

Version: 1.1
Check: re-building of vignette outputs
Result: NOTE
    Error in re-building vignettes:
     ...
    
    The following object is masked from ‘package:base’:
    
     backsolve
    
    The following objects are masked from engel (pos = 3):
    
     foodexp, income
    
    Warning: glm.fit: fitted probabilities numerically 0 or 1 occurred
    Warning: glm.fit: fitted probabilities numerically 0 or 1 occurred
    Warning: glm.fit: fitted probabilities numerically 0 or 1 occurred
    Warning: glm.fit: fitted probabilities numerically 0 or 1 occurred
    Error in texi2dvi(file = file, pdf = TRUE, clean = clean, quiet = quiet, :
     Running 'texi2dvi' on 'vignette.tex' failed.
    BibTeX errors:
    The top-level auxiliary file: vignette.aux
    I couldn't open style file chicago.bst
    ---line 45 of file vignette.aux
     : \bibstyle{chicago
     : }
    I'm skipping whatever remains of this command
    I found no style file---while reading file vignette.aux
    Calls: buildVignettes -> texi2pdf -> texi2dvi
    Execution halted
Flavor: r-oldrel-osx-x86_64