CRAN Package Check Results for Package CorrectedFDR

Last updated on 2024-03-01 21:49:27 CET.

Flavor Version Tinstall Tcheck Ttotal Status Flags
r-devel-linux-x86_64-debian-clang 1.1 1.48 20.69 22.17 OK
r-devel-linux-x86_64-debian-gcc 1.1 1.35 16.17 17.52 OK
r-devel-linux-x86_64-fedora-clang 1.1 28.80 OK
r-devel-linux-x86_64-fedora-gcc 1.1 26.91 OK
r-devel-windows-x86_64 1.1 3.00 38.00 41.00 OK
r-patched-linux-x86_64 1.1 2.28 20.52 22.80 OK
r-release-linux-x86_64 1.1 1.63 20.52 22.15 OK
r-release-macos-arm64 1.1 14.00 NOTE
r-release-macos-x86_64 1.1 19.00 NOTE
r-release-windows-x86_64 1.1 4.00 37.00 41.00 OK
r-oldrel-macos-arm64 1.1 17.00 NOTE
r-oldrel-windows-x86_64 1.1 4.00 41.00 45.00 OK

Check Details

Version: 1.1
Check: package dependencies
Result: NOTE Package suggested but not available for checking: ‘ProData’ Flavors: r-release-macos-arm64, r-release-macos-x86_64, r-oldrel-macos-arm64