CRAN Package Check Results for Package Corbi

Last updated on 2021-06-17 20:51:49 CEST.

Flavor Version Tinstall Tcheck Ttotal Status Flags
r-devel-linux-x86_64-debian-clang 0.6-1 13.59 114.88 128.47 OK
r-devel-linux-x86_64-debian-gcc 0.6-1 9.21 78.97 88.18 OK
r-devel-linux-x86_64-fedora-clang 0.6-1 152.52 OK
r-devel-linux-x86_64-fedora-gcc 0.6-1 135.34 OK
r-devel-windows-x86_64 0.6-1 19.00 101.00 120.00 OK
r-devel-windows-x86_64-gcc10-UCRT 0.6-1 OK
r-patched-linux-x86_64 0.6-1 11.18 99.73 110.91 OK
r-patched-solaris-x86 0.6-1 197.80 OK
r-release-linux-x86_64 0.6-1 11.68 99.74 111.42 OK
r-release-macos-arm64 0.6-1 NOTE
r-release-macos-x86_64 0.6-1 OK
r-release-windows-ix86+x86_64 0.6-1 30.00 167.00 197.00 OK
r-oldrel-macos-x86_64 0.6-1 OK
r-oldrel-windows-ix86+x86_64 0.6-1 23.00 166.00 189.00 OK

Check Details

Version: 0.6-1
Check: package dependencies
Result: NOTE
    Package suggested but not available for checking: ‘BiocParallel’
Flavor: r-release-macos-arm64