CRAN Package Check Results for Package Copula.Markov.survival

Last updated on 2023-10-01 16:55:56 CEST.

Flavor Version Tinstall Tcheck Ttotal Status Flags
r-devel-linux-x86_64-debian-clang 1.0.0 8.40 81.83 90.23 NOTE
r-devel-linux-x86_64-debian-gcc 1.0.0 10.17 61.71 71.88 NOTE
r-devel-linux-x86_64-fedora-clang 1.0.0 112.66 NOTE
r-devel-linux-x86_64-fedora-gcc 1.0.0 114.29 NOTE
r-devel-windows-x86_64 1.0.0 11.00 75.00 86.00 NOTE
r-patched-linux-x86_64 1.0.0 12.16 77.84 90.00 NOTE
r-release-linux-x86_64 1.0.0 10.48 78.83 89.31 NOTE
r-release-macos-arm64 1.0.0 37.00 NOTE
r-release-macos-x86_64 1.0.0 56.00 NOTE
r-release-windows-x86_64 1.0.0 12.00 88.00 100.00 NOTE
r-oldrel-macos-arm64 1.0.0 33.00 NOTE
r-oldrel-macos-x86_64 1.0.0 44.00 NOTE
r-oldrel-windows-x86_64 1.0.0 13.00 88.00 101.00 NOTE

Check Details

Version: 1.0.0
Check: LazyData
Result: NOTE
     'LazyData' is specified without a 'data' directory
Flavors: r-devel-linux-x86_64-debian-clang, r-devel-linux-x86_64-debian-gcc, r-devel-linux-x86_64-fedora-clang, r-devel-linux-x86_64-fedora-gcc, r-devel-windows-x86_64, r-patched-linux-x86_64, r-release-linux-x86_64, r-release-macos-arm64, r-release-macos-x86_64, r-release-windows-x86_64, r-oldrel-macos-arm64, r-oldrel-macos-x86_64, r-oldrel-windows-x86_64