CRAN Package Check Results for Package ConvergenceConcepts

Last updated on 2022-08-16 19:05:35 CEST.

Flavor Version Tinstall Tcheck Ttotal Status Flags
r-devel-linux-x86_64-debian-clang 1.2.2 3.46 33.94 37.40 NOTE
r-devel-linux-x86_64-debian-gcc 1.2.2 2.88 27.07 29.95 NOTE
r-devel-linux-x86_64-fedora-clang 1.2.2 60.76 NOTE
r-devel-linux-x86_64-fedora-gcc 1.2.2 60.82 NOTE
r-devel-windows-x86_64 1.2.2 96.00 58.00 154.00 OK
r-patched-linux-x86_64 1.2.2 4.59 36.20 40.79 OK
r-release-linux-x86_64 1.2.2 3.95 36.10 40.05 OK
r-release-macos-arm64 1.2.2 30.00 OK
r-release-macos-x86_64 1.2.2 35.00 OK
r-release-windows-x86_64 1.2.2 36.00 57.00 93.00 OK
r-oldrel-macos-arm64 1.2.2 33.00 OK
r-oldrel-macos-x86_64 1.2.2 45.00 OK
r-oldrel-windows-ix86+x86_64 1.2.2 8.00 55.00 63.00 OK

Check Details

Version: 1.2.2
Check: HTML version of manual
Result: NOTE
    Found the following math rendering problems:
    check-convergence.Rd:37: Can't use function '$' in math mode in $\hat(l)_n(t)=|\...
    criterion.Rd:20: Can't use function '$' in math mode in $X_n-X$
    criterion.Rd:21: Can't use function '$' in math mode in $p_n=P[|X_n-X|>\...
    criterion.Rd:22-23: Can't use function '$' in math mode in $a_n=P[\exists k...
    criterion.Rd:25: Can't use function '$' in math mode in $e_{n,r}=E|X_n-X...
Flavors: r-devel-linux-x86_64-debian-clang, r-devel-linux-x86_64-debian-gcc, r-devel-linux-x86_64-fedora-clang, r-devel-linux-x86_64-fedora-gcc