CRAN Package Check Results for Package ContourFunctions

Last updated on 2024-03-01 18:48:13 CET.

Flavor Version Tinstall Tcheck Ttotal Status Flags
r-devel-linux-x86_64-debian-clang 0.1.1 2.32 130.05 132.37 NOTE
r-devel-linux-x86_64-debian-gcc 0.1.1 2.44 91.66 94.10 NOTE
r-devel-linux-x86_64-fedora-clang 0.1.1 161.57 NOTE
r-devel-linux-x86_64-fedora-gcc 0.1.1 173.24 NOTE
r-devel-windows-x86_64 0.1.1 4.00 115.00 119.00 OK
r-patched-linux-x86_64 0.1.1 3.23 122.82 126.05 OK
r-release-linux-x86_64 0.1.1 2.42 123.28 125.70 OK
r-release-macos-arm64 0.1.1 54.00 OK
r-release-macos-x86_64 0.1.1 90.00 OK
r-release-windows-x86_64 0.1.1 3.00 130.00 133.00 OK
r-oldrel-macos-arm64 0.1.1 56.00 OK
r-oldrel-windows-x86_64 0.1.1 5.00 133.00 138.00 OK

Check Details

Version: 0.1.1
Check: Rd files
Result: NOTE checkRd: (-1) cf_grid.Rd:38: Lost braces; missing escapes or markup? 38 | heat.colors, terrain.colors, topo.colors, and function(x) {gray((1:x)/x)}.} | ^ checkRd: (-1) cf_highdim.Rd:58: Lost braces; missing escapes or markup? 58 | heat.colors, terrain.colors, topo.colors, and function(x) {gray((1:x)/x)}.} | ^ checkRd: (-1) gcf_grid.Rd:51: Lost braces; missing escapes or markup? 51 | heat.colors, terrain.colors, topo.colors, and function(x) {gray((1:x)/x)}.} | ^ Flavors: r-devel-linux-x86_64-debian-clang, r-devel-linux-x86_64-debian-gcc, r-devel-linux-x86_64-fedora-clang, r-devel-linux-x86_64-fedora-gcc