CRAN Package Check Results for Package ConfigParser

Last updated on 2022-09-25 00:49:02 CEST.

Flavor Version Tinstall Tcheck Ttotal Status Flags
r-devel-linux-x86_64-debian-clang 1.0.0 1.96 22.62 24.58 NOTE
r-devel-linux-x86_64-debian-gcc 1.0.0 2.23 17.33 19.56 NOTE
r-devel-linux-x86_64-fedora-clang 1.0.0 41.42 NOTE
r-devel-linux-x86_64-fedora-gcc 1.0.0 41.48 NOTE
r-devel-windows-x86_64 1.0.0 17.00 48.00 65.00 NOTE
r-patched-linux-x86_64 1.0.0 2.36 23.07 25.43 NOTE
r-release-linux-x86_64 1.0.0 2.73 22.91 25.64 NOTE
r-release-macos-arm64 1.0.0 16.00 NOTE
r-release-macos-x86_64 1.0.0 23.00 NOTE
r-release-windows-x86_64 1.0.0 15.00 55.00 70.00 NOTE
r-oldrel-macos-arm64 1.0.0 22.00 NOTE
r-oldrel-macos-x86_64 1.0.0 27.00 NOTE
r-oldrel-windows-ix86+x86_64 1.0.0 7.00 50.00 57.00 NOTE

Check Details

Version: 1.0.0
Check: LazyData
Result: NOTE
     'LazyData' is specified without a 'data' directory
Flavors: r-devel-linux-x86_64-debian-clang, r-devel-linux-x86_64-debian-gcc, r-devel-linux-x86_64-fedora-clang, r-devel-linux-x86_64-fedora-gcc, r-devel-windows-x86_64, r-patched-linux-x86_64, r-release-linux-x86_64, r-release-macos-arm64, r-release-macos-x86_64, r-release-windows-x86_64, r-oldrel-macos-arm64, r-oldrel-macos-x86_64, r-oldrel-windows-ix86+x86_64