CRAN Package Check Results for Package CondReg

Last updated on 2019-04-25 00:47:21 CEST.

Flavor Version Tinstall Tcheck Ttotal Status Flags
r-devel-linux-x86_64-debian-clang 0.20 1.59 18.78 20.37 NOTE
r-devel-linux-x86_64-debian-gcc 0.20 1.41 15.51 16.92 NOTE
r-devel-linux-x86_64-fedora-clang 0.20 25.28 NOTE
r-devel-linux-x86_64-fedora-gcc 0.20 25.66 NOTE
r-devel-windows-ix86+x86_64 0.20 8.00 36.00 44.00 NOTE
r-patched-linux-x86_64 0.20 2.02 19.09 21.11 NOTE
r-patched-solaris-x86 0.20 41.30 NOTE
r-release-linux-x86_64 0.20 1.25 17.61 18.86 NOTE
r-release-windows-ix86+x86_64 0.20 2.00 27.00 29.00 NOTE
r-release-osx-x86_64 0.20 NOTE
r-oldrel-windows-ix86+x86_64 0.20 2.00 27.00 29.00 NOTE
r-oldrel-osx-x86_64 0.20 NOTE

Check Details

Version: 0.20
Check: DESCRIPTION meta-information
Result: NOTE
    Malformed Description field: should contain one or more complete sentences.
Flavors: r-devel-linux-x86_64-debian-clang, r-devel-linux-x86_64-debian-gcc, r-devel-linux-x86_64-fedora-clang, r-devel-linux-x86_64-fedora-gcc, r-devel-windows-ix86+x86_64, r-patched-linux-x86_64, r-patched-solaris-x86, r-release-linux-x86_64, r-release-windows-ix86+x86_64, r-release-osx-x86_64, r-oldrel-windows-ix86+x86_64, r-oldrel-osx-x86_64

Version: 0.20
Check: R code for possible problems
Result: NOTE
    ml_solver: no visible global function definition for 'approx'
    select_kmax: no visible global function definition for 'median'
    Undefined global functions or variables:
     approx median
    Consider adding
     importFrom("stats", "approx", "median")
    to your NAMESPACE file.
Flavors: r-devel-linux-x86_64-debian-clang, r-devel-linux-x86_64-debian-gcc, r-devel-linux-x86_64-fedora-clang, r-devel-linux-x86_64-fedora-gcc, r-devel-windows-ix86+x86_64, r-patched-linux-x86_64, r-patched-solaris-x86, r-release-linux-x86_64, r-release-windows-ix86+x86_64, r-release-osx-x86_64, r-oldrel-windows-ix86+x86_64, r-oldrel-osx-x86_64