CRAN Package Check Results for Package CondReg

Last updated on 2020-04-01 12:47:14 CEST.

Flavor Version Tinstall Tcheck Ttotal Status Flags
r-devel-linux-x86_64-debian-clang 0.20 2.34 20.36 22.70 NOTE
r-devel-linux-x86_64-debian-gcc 0.20 1.80 16.08 17.88 NOTE
r-devel-linux-x86_64-fedora-clang 0.20 28.09 NOTE
r-devel-linux-x86_64-fedora-gcc 0.20 28.59 NOTE
r-devel-windows-ix86+x86_64 0.20 8.00 48.00 56.00 NOTE
r-devel-windows-ix86+x86_64-gcc8 0.20 5.00 28.00 33.00 NOTE
r-patched-linux-x86_64 0.20 1.96 19.64 21.60 NOTE
r-patched-solaris-x86 0.20 43.30 NOTE
r-release-linux-x86_64 0.20 1.45 19.64 21.09 NOTE
r-release-windows-ix86+x86_64 0.20 6.00 42.00 48.00 NOTE
r-release-osx-x86_64 0.20 NOTE
r-oldrel-windows-ix86+x86_64 0.20 2.00 27.00 29.00 NOTE
r-oldrel-osx-x86_64 0.20 NOTE

Check Details

Version: 0.20
Check: DESCRIPTION meta-information
Result: NOTE
    Malformed Description field: should contain one or more complete sentences.
Flavors: r-devel-linux-x86_64-debian-clang, r-devel-linux-x86_64-debian-gcc, r-devel-linux-x86_64-fedora-clang, r-devel-linux-x86_64-fedora-gcc, r-devel-windows-ix86+x86_64, r-devel-windows-ix86+x86_64-gcc8, r-patched-linux-x86_64, r-patched-solaris-x86, r-release-linux-x86_64, r-release-windows-ix86+x86_64, r-release-osx-x86_64, r-oldrel-windows-ix86+x86_64, r-oldrel-osx-x86_64

Version: 0.20
Check: R code for possible problems
Result: NOTE
    ml_solver: no visible global function definition for 'approx'
    select_kmax: no visible global function definition for 'median'
    Undefined global functions or variables:
     approx median
    Consider adding
     importFrom("stats", "approx", "median")
    to your NAMESPACE file.
Flavors: r-devel-linux-x86_64-debian-clang, r-devel-linux-x86_64-debian-gcc, r-devel-linux-x86_64-fedora-clang, r-devel-linux-x86_64-fedora-gcc, r-devel-windows-ix86+x86_64, r-devel-windows-ix86+x86_64-gcc8, r-patched-linux-x86_64, r-patched-solaris-x86, r-release-linux-x86_64, r-release-windows-ix86+x86_64, r-release-osx-x86_64, r-oldrel-windows-ix86+x86_64, r-oldrel-osx-x86_64