CRAN Package Check Results for Package Conake

Last updated on 2019-07-19 15:46:56 CEST.

Flavor Version Tinstall Tcheck Ttotal Status Flags
r-devel-linux-x86_64-debian-clang 1.0 1.41 17.20 18.61 NOTE
r-devel-linux-x86_64-debian-gcc 1.0 1.41 14.39 15.80 NOTE
r-devel-linux-x86_64-fedora-clang 1.0 23.08 NOTE
r-devel-linux-x86_64-fedora-gcc 1.0 21.98 NOTE
r-devel-windows-ix86+x86_64 1.0 4.00 26.00 30.00 NOTE
r-patched-linux-x86_64 1.0 1.83 17.28 19.11 NOTE
r-patched-solaris-x86 1.0 39.10 NOTE
r-release-linux-x86_64 1.0 1.69 17.28 18.97 NOTE
r-release-windows-ix86+x86_64 1.0 6.00 39.00 45.00 NOTE
r-release-osx-x86_64 1.0 NOTE
r-oldrel-windows-ix86+x86_64 1.0 2.00 25.00 27.00 NOTE
r-oldrel-osx-x86_64 1.0 NOTE

Check Details

Version: 1.0
Check: R code for possible problems
Result: NOTE
    kef: no visible global function definition for 'dgamma'
    kef: no visible global function definition for 'dlnorm'
    simp_int: no visible global function definition for 'approx'
    Undefined global functions or variables:
     approx dgamma dlnorm
    Consider adding
     importFrom("stats", "approx", "dgamma", "dlnorm")
    to your NAMESPACE file.
Flavors: r-devel-linux-x86_64-debian-clang, r-devel-linux-x86_64-debian-gcc, r-devel-linux-x86_64-fedora-clang, r-devel-linux-x86_64-fedora-gcc, r-devel-windows-ix86+x86_64, r-patched-linux-x86_64, r-patched-solaris-x86, r-release-linux-x86_64, r-release-windows-ix86+x86_64, r-release-osx-x86_64, r-oldrel-windows-ix86+x86_64, r-oldrel-osx-x86_64