CRAN Package Check Results for Package Conake

Last updated on 2019-04-22 21:47:12 CEST.

Flavor Version Tinstall Tcheck Ttotal Status Flags
r-devel-linux-x86_64-debian-clang 1.0 1.82 17.47 19.29 NOTE
r-devel-linux-x86_64-debian-gcc 1.0 1.28 14.13 15.41 NOTE
r-devel-linux-x86_64-fedora-clang 1.0 23.10 NOTE
r-devel-linux-x86_64-fedora-gcc 1.0 23.39 NOTE
r-devel-windows-ix86+x86_64 1.0 5.00 36.00 41.00 NOTE
r-patched-linux-x86_64 1.0 1.81 17.39 19.20 NOTE
r-patched-solaris-x86 1.0 37.20 NOTE
r-release-linux-x86_64 1.0 0.80 16.96 17.76 NOTE
r-release-windows-ix86+x86_64 1.0 2.00 25.00 27.00 NOTE
r-release-osx-x86_64 1.0 NOTE
r-oldrel-windows-ix86+x86_64 1.0 2.00 23.00 25.00 NOTE
r-oldrel-osx-x86_64 1.0 NOTE

Check Details

Version: 1.0
Check: R code for possible problems
Result: NOTE
    kef: no visible global function definition for 'dgamma'
    kef: no visible global function definition for 'dlnorm'
    simp_int: no visible global function definition for 'approx'
    Undefined global functions or variables:
     approx dgamma dlnorm
    Consider adding
     importFrom("stats", "approx", "dgamma", "dlnorm")
    to your NAMESPACE file.
Flavors: r-devel-linux-x86_64-debian-clang, r-devel-linux-x86_64-debian-gcc, r-devel-linux-x86_64-fedora-clang, r-devel-linux-x86_64-fedora-gcc, r-devel-windows-ix86+x86_64, r-patched-linux-x86_64, r-patched-solaris-x86, r-release-linux-x86_64, r-release-windows-ix86+x86_64, r-release-osx-x86_64, r-oldrel-windows-ix86+x86_64, r-oldrel-osx-x86_64