CRAN Package Check Results for Package Compind

Last updated on 2019-08-19 21:46:49 CEST.

Flavor Version Tinstall Tcheck Ttotal Status Flags
r-devel-linux-x86_64-debian-clang 2.1 16.23 138.40 154.63 OK
r-devel-linux-x86_64-debian-gcc 2.1 14.78 109.12 123.90 OK
r-devel-linux-x86_64-fedora-clang 2.1 188.56 OK
r-devel-linux-x86_64-fedora-gcc 2.1 187.42 OK
r-devel-windows-ix86+x86_64 2.1 52.00 237.00 289.00 OK
r-patched-linux-x86_64 2.1 15.87 134.72 150.59 OK
r-patched-solaris-x86 2.1 271.60 OK
r-release-linux-x86_64 2.1 14.90 134.29 149.19 OK
r-release-windows-ix86+x86_64 2.1 41.00 149.00 190.00 OK
r-release-osx-x86_64 2.1 OK
r-oldrel-windows-ix86+x86_64 2.1 10.00 11.00 21.00 ERROR
r-oldrel-osx-x86_64 2.1 OK

Check Details

Version: 2.1
Check: whether package can be installed
Result: ERROR
    Installation failed.
Flavor: r-oldrel-windows-ix86+x86_64