CRAN Package Check Results for Package CompDist

Last updated on 2024-03-01 00:55:15 CET.

Flavor Version Tinstall Tcheck Ttotal Status Flags
r-devel-linux-x86_64-debian-clang 1.0 2.65 30.01 32.66 OK
r-devel-linux-x86_64-debian-gcc 1.0 2.64 23.07 25.71 OK
r-devel-linux-x86_64-fedora-clang 1.0 40.69 NOTE
r-devel-linux-x86_64-fedora-gcc 1.0 40.92 NOTE
r-devel-windows-x86_64 1.0 3.00 50.00 53.00 OK
r-patched-linux-x86_64 1.0 3.30 29.50 32.80 OK
r-release-linux-x86_64 1.0 3.35 29.58 32.93 OK
r-release-macos-arm64 1.0 17.00 OK
r-release-macos-x86_64 1.0 23.00 OK
r-release-windows-x86_64 1.0 4.00 48.00 52.00 OK
r-oldrel-macos-arm64 1.0 14.00 NOTE
r-oldrel-windows-x86_64 1.0 5.00 52.00 57.00 OK

Check Details

Version: 1.0
Check: dependencies in R code
Result: NOTE Namespaces in Imports field not imported from: ‘PearsonDS’ ‘VGAM’ ‘actuar’ ‘fExtremes’ ‘rmutil’ All declared Imports should be used. Flavors: r-devel-linux-x86_64-fedora-clang, r-devel-linux-x86_64-fedora-gcc, r-oldrel-macos-arm64