Last updated on 2022-07-01 02:54:14 CEST.
Flavor | Version | Tinstall | Tcheck | Ttotal | Status | Flags |
---|---|---|---|---|---|---|
r-devel-linux-x86_64-debian-clang | 1.1.4 | 3.93 | 36.24 | 40.17 | OK | |
r-devel-linux-x86_64-debian-gcc | 1.1.4 | 2.39 | 28.04 | 30.43 | OK | |
r-devel-linux-x86_64-fedora-clang | 1.1.4 | 59.13 | WARN | |||
r-devel-linux-x86_64-fedora-gcc | 1.1.4 | 61.48 | WARN | |||
r-devel-windows-x86_64 | 1.1.4 | 26.00 | 68.00 | 94.00 | OK | |
r-patched-linux-x86_64 | 1.1.4 | 4.31 | 35.36 | 39.67 | OK | |
r-release-linux-x86_64 | 1.1.4 | 3.82 | 34.66 | 38.48 | OK | |
r-release-macos-arm64 | 1.1.4 | 23.00 | OK | |||
r-release-macos-x86_64 | 1.1.4 | 28.00 | OK | |||
r-release-windows-x86_64 | 1.1.4 | 33.00 | 62.00 | 95.00 | OK | |
r-oldrel-macos-arm64 | 1.1.4 | 27.00 | OK | |||
r-oldrel-macos-x86_64 | 1.1.4 | 34.00 | OK | |||
r-oldrel-windows-ix86+x86_64 | 1.1.4 | 8.00 | 56.00 | 64.00 | OK |
Version: 1.1.4
Check: package dependencies
Result: WARN
Requires (indirectly) orphaned package: ‘gtools’
Flavors: r-devel-linux-x86_64-fedora-clang, r-devel-linux-x86_64-fedora-gcc