CRAN Package Check Results for Package Coinprofile

Last updated on 2023-06-07 21:01:15 CEST.

Flavor Version Tinstall Tcheck Ttotal Status Flags
r-devel-linux-x86_64-debian-clang 0.1.9 3.03 34.87 37.90 NOTE
r-devel-linux-x86_64-debian-gcc 0.1.9 2.98 26.69 29.67 NOTE
r-devel-linux-x86_64-fedora-clang 0.1.9 48.42 NOTE
r-devel-linux-x86_64-fedora-gcc 0.1.9 46.09 NOTE
r-devel-windows-x86_64 0.1.9 4.00 47.00 51.00 NOTE
r-patched-linux-x86_64 0.1.9 4.01 33.48 37.49 NOTE
r-release-linux-x86_64 0.1.9 2.90 33.63 36.53 NOTE
r-release-macos-arm64 0.1.9 19.00 NOTE
r-release-macos-x86_64 0.1.9 26.00 NOTE
r-release-windows-x86_64 0.1.9 6.00 49.00 55.00 NOTE
r-oldrel-macos-arm64 0.1.9 21.00 NOTE
r-oldrel-macos-x86_64 0.1.9 35.00 NOTE
r-oldrel-windows-x86_64 0.1.9 5.00 52.00 57.00 NOTE

Check Details

Version: 0.1.9
Check: LazyData
Result: NOTE
     'LazyData' is specified without a 'data' directory
Flavors: r-devel-linux-x86_64-debian-clang, r-devel-linux-x86_64-debian-gcc, r-devel-linux-x86_64-fedora-clang, r-devel-linux-x86_64-fedora-gcc, r-devel-windows-x86_64, r-patched-linux-x86_64, r-release-linux-x86_64, r-release-macos-arm64, r-release-macos-x86_64, r-release-windows-x86_64, r-oldrel-macos-arm64, r-oldrel-macos-x86_64, r-oldrel-windows-x86_64

Version: 0.1.9
Check: dependencies in R code
Result: NOTE
    Namespaces in Imports field not imported from:
     ‘Rdpack’ ‘coin’ ‘ggplot2’ ‘plyr’
     All declared Imports should be used.
Flavors: r-devel-linux-x86_64-fedora-clang, r-devel-linux-x86_64-fedora-gcc, r-oldrel-macos-arm64, r-oldrel-macos-x86_64