Last updated on 2022-08-12 09:51:59 CEST.
Flavor | Version | Tinstall | Tcheck | Ttotal | Status | Flags |
---|---|---|---|---|---|---|
r-devel-linux-x86_64-debian-clang | 0.6.5 | 9.19 | 90.52 | 99.71 | NOTE | |
r-devel-linux-x86_64-debian-gcc | 0.6.5 | 8.30 | 70.22 | 78.52 | NOTE | |
r-devel-linux-x86_64-fedora-clang | 0.6.5 | 156.65 | NOTE | |||
r-devel-linux-x86_64-fedora-gcc | 0.6.5 | 133.76 | NOTE | |||
r-devel-windows-x86_64 | 0.6.5 | 148.00 | 123.00 | 271.00 | OK | |
r-patched-linux-x86_64 | 0.6.5 | 11.91 | 89.19 | 101.10 | NOTE | |
r-release-linux-x86_64 | 0.6.5 | 11.35 | 87.93 | 99.28 | NOTE | |
r-release-macos-arm64 | 0.6.5 | 40.00 | OK | |||
r-release-macos-x86_64 | 0.6.5 | 56.00 | OK | |||
r-release-windows-x86_64 | 0.6.5 | 123.00 | 123.00 | 246.00 | OK | |
r-oldrel-macos-arm64 | 0.6.5 | 49.00 | OK | |||
r-oldrel-macos-x86_64 | 0.6.5 | 81.00 | OK | |||
r-oldrel-windows-ix86+x86_64 | 0.6.5 | 25.00 | 105.00 | 130.00 | OK |
Version: 0.6.5
Check: for non-standard things in the check directory
Result: NOTE
Found the following files/directories:
'foo.R' 'foo.html'
Flavors: r-devel-linux-x86_64-debian-clang, r-devel-linux-x86_64-debian-gcc, r-devel-linux-x86_64-fedora-clang, r-devel-linux-x86_64-fedora-gcc, r-patched-linux-x86_64, r-release-linux-x86_64