CRAN Package Check Results for Package CodeDepends

Last updated on 2019-08-19 21:46:49 CEST.

Flavor Version Tinstall Tcheck Ttotal Status Flags
r-devel-linux-x86_64-debian-clang 0.6.5 9.54 71.15 80.69 NOTE
r-devel-linux-x86_64-debian-gcc 0.6.5 7.45 56.99 64.44 NOTE
r-devel-linux-x86_64-fedora-clang 0.6.5 98.09 NOTE
r-devel-linux-x86_64-fedora-gcc 0.6.5 98.50 NOTE
r-devel-windows-ix86+x86_64 0.6.5 31.00 114.00 145.00 OK
r-patched-linux-x86_64 0.6.5 8.48 70.95 79.43 OK
r-patched-solaris-x86 0.6.5 141.20 OK
r-release-linux-x86_64 0.6.5 7.75 70.09 77.84 OK
r-release-windows-ix86+x86_64 0.6.5 15.00 80.00 95.00 OK
r-release-osx-x86_64 0.6.5 ERROR
r-oldrel-windows-ix86+x86_64 0.6.5 16.00 107.00 123.00 OK
r-oldrel-osx-x86_64 0.6.5 OK

Check Details

Version: 0.6.5
Check: for non-standard things in the check directory
Result: NOTE
    Found the following files/directories:
     'foo.R' 'foo.html'
Flavors: r-devel-linux-x86_64-debian-clang, r-devel-linux-x86_64-debian-gcc, r-devel-linux-x86_64-fedora-clang, r-devel-linux-x86_64-fedora-gcc

Version: 0.6.5
Check: package dependencies
Result: ERROR
    Package required but not available: ‘graph’
    
    Package suggested but not available for checking: ‘Rgraphviz’
    
    See section ‘The DESCRIPTION file’ in the ‘Writing R Extensions’
    manual.
Flavor: r-release-osx-x86_64