CRAN Package Check Results for Package CoTiMA

Last updated on 2021-09-17 19:52:01 CEST.

Flavor Version Tinstall Tcheck Ttotal Status Flags
r-devel-linux-x86_64-debian-clang 0.4.3 42.11 264.70 306.81 OK
r-devel-linux-x86_64-debian-gcc 0.4.3 35.27 194.41 229.68 OK
r-devel-linux-x86_64-fedora-clang 0.4.3 374.71 NOTE
r-devel-linux-x86_64-fedora-gcc 0.4.3 360.13 NOTE
r-devel-windows-x86_64 0.4.3 46.00 232.00 278.00 OK
r-devel-windows-x86_64-gcc10-UCRT 0.4.3 NOTE
r-patched-linux-x86_64 0.4.3 40.95 245.71 286.66 OK
r-patched-solaris-x86 0.4.3 496.10 NOTE
r-release-linux-x86_64 0.4.3 38.34 247.05 285.39 OK
r-release-macos-arm64 0.4.3 NOTE
r-release-macos-x86_64 0.4.3 NOTE
r-release-windows-ix86+x86_64 0.4.3 90.00 302.00 392.00 OK
r-oldrel-macos-x86_64 0.4.3 NOTE
r-oldrel-windows-ix86+x86_64 0.4.3 90.00 219.00 309.00 OK

Check Details

Version: 0.4.3
Check: data for non-ASCII characters
Result: NOTE
     Note: found 965 marked UTF-8 strings
Flavors: r-devel-linux-x86_64-fedora-clang, r-devel-linux-x86_64-fedora-gcc, r-devel-windows-x86_64-gcc10-UCRT, r-patched-solaris-x86, r-release-macos-arm64, r-release-macos-x86_64, r-oldrel-macos-x86_64

Version: 0.4.3
Check: installed package size
Result: NOTE
     installed size is 5.6Mb
     sub-directories of 1Mb or more:
     data 4.3Mb
Flavor: r-release-macos-arm64