CRAN Package Check Results for Package CoRpower

Last updated on 2019-04-19 16:51:22 CEST.

Flavor Version Tinstall Tcheck Ttotal Status Flags
r-devel-linux-x86_64-debian-clang 1.0.0 8.57 94.17 102.74 OK
r-devel-linux-x86_64-debian-gcc 1.0.0 6.07 69.64 75.71 OK
r-devel-linux-x86_64-fedora-clang 1.0.0 121.51 OK
r-devel-linux-x86_64-fedora-gcc 1.0.0 112.05 OK
r-devel-windows-ix86+x86_64 1.0.0 19.00 133.00 152.00 OK
r-patched-linux-x86_64 1.0.0 7.63 89.13 96.76 OK
r-patched-solaris-x86 1.0.0 166.50 OK
r-release-linux-x86_64 1.0.0 5.71 86.93 92.64 OK
r-release-windows-ix86+x86_64 1.0.0 9.00 104.00 113.00 OK
r-release-osx-x86_64 1.0.0 OK
r-oldrel-osx-x86_64 1.0.0 ERROR

Check Details

Version: 1.0.0
Check: whether package can be installed
Result: ERROR
    Installation failed.
Flavor: r-oldrel-osx-x86_64