CRAN Package Check Results for Package CoRpower

Last updated on 2019-02-17 06:46:25 CET.

Flavor Version Tinstall Tcheck Ttotal Status Flags
r-devel-linux-x86_64-debian-clang 1.0.0 4.90 93.34 98.24 OK
r-devel-linux-x86_64-debian-gcc 1.0.0 4.61 69.97 74.58 OK
r-devel-linux-x86_64-fedora-clang 1.0.0 121.34 OK
r-devel-linux-x86_64-fedora-gcc 1.0.0 113.34 OK
r-devel-windows-ix86+x86_64 1.0.0 19.00 420.00 439.00 OK
r-patched-linux-x86_64 1.0.0 5.66 87.09 92.75 OK
r-patched-solaris-x86 1.0.0 161.90 OK
r-release-linux-x86_64 1.0.0 OK
r-release-windows-ix86+x86_64 1.0.0 9.00 97.00 106.00 OK
r-release-osx-x86_64 1.0.0 OK
r-oldrel-osx-x86_64 1.0.0 ERROR

Check Details

Version: 1.0.0
Check: whether package can be installed
Result: ERROR
    Installation failed.
Flavor: r-oldrel-osx-x86_64