CRAN Package Check Results for Package ClusTorus

Last updated on 2021-04-15 22:51:04 CEST.

Flavor Version Tinstall Tcheck Ttotal Status Flags
r-devel-linux-x86_64-debian-clang 0.0.1 4.73 521.24 525.97 OK
r-devel-linux-x86_64-debian-gcc 0.0.1 3.79 327.89 331.68 OK
r-devel-linux-x86_64-fedora-clang 0.0.1 571.93 NOTE
r-devel-linux-x86_64-fedora-gcc 0.0.1 591.31 OK
r-devel-windows-ix86+x86_64 0.0.1 10.00 624.00 634.00 OK
r-devel-windows-x86_64-gcc10-UCRT 0.0.1 OK
r-patched-linux-x86_64 0.0.1 4.69 474.75 479.44 OK
r-patched-solaris-x86 0.0.1 824.50 OK
r-release-linux-x86_64 0.0.1 4.31 470.77 475.08 OK
r-release-macos-x86_64 0.0.1 OK
r-release-windows-ix86+x86_64 0.0.1 17.00 630.00 647.00 OK
r-oldrel-macos-x86_64 0.0.1 OK
r-oldrel-windows-ix86+x86_64 0.0.1 8.00 375.00 383.00 OK

Check Details

Version: 0.0.1
Check: Rd cross-references
Result: NOTE
    Undeclared package ‘bio3d’ in Rd xrefs
Flavor: r-devel-linux-x86_64-fedora-clang