CRAN Package Check Results for Package ChemoSpec2D

Last updated on 2020-09-18 20:47:21 CEST.

Flavor Version Tinstall Tcheck Ttotal Status Flags
r-devel-linux-x86_64-debian-clang 0.4.176 5.35 50.06 55.41 OK
r-devel-linux-x86_64-debian-gcc 0.4.176 4.54 38.98 43.52 OK
r-devel-linux-x86_64-fedora-clang 0.4.176 77.23 NOTE
r-devel-linux-x86_64-fedora-gcc 0.4.176 71.45 OK
r-devel-windows-ix86+x86_64 0.4.176 12.00 75.00 87.00 OK
r-patched-linux-x86_64 0.4.176 5.98 49.62 55.60 OK
r-patched-solaris-x86 0.4.176 100.50 OK
r-release-linux-x86_64 0.4.176 5.23 49.28 54.51 OK
r-release-macos-x86_64 0.4.176 OK
r-release-windows-ix86+x86_64 0.4.176 11.00 81.00 92.00 OK
r-oldrel-macos-x86_64 0.4.176 OK
r-oldrel-windows-ix86+x86_64 0.4.176 6.00 82.00 88.00 OK

Check Details

Version: 0.4.176
Check: Rd cross-references
Result: NOTE
    Undeclared package ‘CMLS’ in Rd xrefs
Flavor: r-devel-linux-x86_64-fedora-clang