CRAN Package Check Results for Package ChannelAttributionApp

Last updated on 2022-08-16 20:53:09 CEST.

Flavor Version Tinstall Tcheck Ttotal Status Flags
r-devel-linux-x86_64-debian-clang 1.3 5.82 65.57 71.39 NOTE
r-devel-linux-x86_64-debian-gcc 1.3 5.60 47.25 52.85 NOTE
r-devel-linux-x86_64-fedora-clang 1.3 94.07 NOTE
r-devel-linux-x86_64-fedora-gcc 1.3 94.31 NOTE
r-devel-windows-x86_64 1.3 24.00 87.00 111.00 NOTE
r-patched-linux-x86_64 1.3 5.42 60.44 65.86 NOTE
r-release-linux-x86_64 1.3 6.69 59.51 66.20 NOTE
r-release-macos-arm64 1.3 26.00 NOTE
r-release-macos-x86_64 1.3 48.00 NOTE
r-release-windows-x86_64 1.3 45.00 84.00 129.00 NOTE
r-oldrel-macos-arm64 1.3 30.00 NOTE
r-oldrel-macos-x86_64 1.3 56.00 NOTE
r-oldrel-windows-ix86+x86_64 1.3 19.00 86.00 105.00 NOTE

Check Details

Version: 1.3
Check: LazyData
Result: NOTE
     'LazyData' is specified without a 'data' directory
Flavors: r-devel-linux-x86_64-debian-clang, r-devel-linux-x86_64-debian-gcc, r-devel-linux-x86_64-fedora-clang, r-devel-linux-x86_64-fedora-gcc, r-devel-windows-x86_64, r-patched-linux-x86_64, r-release-linux-x86_64, r-release-macos-arm64, r-release-macos-x86_64, r-release-windows-x86_64, r-oldrel-macos-arm64, r-oldrel-macos-x86_64, r-oldrel-windows-ix86+x86_64