CRAN Package Check Results for Package CfEstimateQuantiles

Last updated on 2019-08-19 20:46:11 CEST.

Flavor Version Tinstall Tcheck Ttotal Status Flags
r-devel-linux-x86_64-debian-clang 1.0 1.99 17.49 19.48 NOTE
r-devel-linux-x86_64-debian-gcc 1.0 1.59 14.35 15.94 NOTE
r-devel-linux-x86_64-fedora-clang 1.0 25.27 NOTE
r-devel-linux-x86_64-fedora-gcc 1.0 22.98 NOTE
r-devel-windows-ix86+x86_64 1.0 5.00 38.00 43.00 NOTE
r-patched-linux-x86_64 1.0 1.65 17.37 19.02 NOTE
r-patched-solaris-x86 1.0 37.70 NOTE
r-release-linux-x86_64 1.0 1.62 17.17 18.79 NOTE
r-release-windows-ix86+x86_64 1.0 6.00 39.00 45.00 NOTE
r-release-osx-x86_64 1.0 NOTE
r-oldrel-windows-ix86+x86_64 1.0 2.00 28.00 30.00 NOTE
r-oldrel-osx-x86_64 1.0 NOTE

Check Details

Version: 1.0
Check: DESCRIPTION meta-information
Result: NOTE
    Malformed Description field: should contain one or more complete sentences.
Flavors: r-devel-linux-x86_64-debian-clang, r-devel-linux-x86_64-debian-gcc, r-devel-linux-x86_64-fedora-clang, r-devel-linux-x86_64-fedora-gcc, r-devel-windows-ix86+x86_64, r-patched-linux-x86_64, r-patched-solaris-x86, r-release-linux-x86_64, r-release-windows-ix86+x86_64, r-release-osx-x86_64, r-oldrel-windows-ix86+x86_64, r-oldrel-osx-x86_64

Version: 1.0
Check: R code for possible problems
Result: NOTE
    cf_estimate_quantiles: no visible global function definition for
     'qnorm'
    Undefined global functions or variables:
     qnorm
    Consider adding
     importFrom("stats", "qnorm")
    to your NAMESPACE file.
Flavors: r-devel-linux-x86_64-debian-clang, r-devel-linux-x86_64-debian-gcc, r-devel-linux-x86_64-fedora-clang, r-devel-linux-x86_64-fedora-gcc, r-devel-windows-ix86+x86_64, r-patched-linux-x86_64, r-patched-solaris-x86, r-release-linux-x86_64, r-release-windows-ix86+x86_64, r-release-osx-x86_64, r-oldrel-windows-ix86+x86_64, r-oldrel-osx-x86_64