CRAN Package Check Results for Package Certara.R

Last updated on 2022-08-15 16:54:25 CEST.

Flavor Version Tinstall Tcheck Ttotal Status Flags
r-devel-linux-x86_64-debian-clang 1.0.0 2.13 21.47 23.60 OK
r-devel-linux-x86_64-debian-gcc 1.0.0 1.84 17.10 18.94 OK
r-devel-linux-x86_64-fedora-clang 1.0.0 41.86 NOTE
r-devel-linux-x86_64-fedora-gcc 1.0.0 40.89 NOTE
r-devel-windows-x86_64 1.0.0 13.00 48.00 61.00 OK
r-patched-linux-x86_64 1.0.0 2.46 20.89 23.35 OK
r-release-linux-x86_64 1.0.0 1.80 21.69 23.49 OK
r-release-macos-arm64 1.0.0 15.00 NOTE
r-release-macos-x86_64 1.0.0 22.00 NOTE
r-release-windows-x86_64 1.0.0 10.00 46.00 56.00 OK
r-oldrel-macos-arm64 1.0.0 14.00 NOTE
r-oldrel-macos-x86_64 1.0.0 19.00 NOTE
r-oldrel-windows-ix86+x86_64 1.0.0 8.00 49.00 57.00 OK

Check Details

Version: 1.0.0
Check: dependencies in R code
Result: NOTE
    Namespaces in Imports field not imported from:
     ‘DT’ ‘batchtools’ ‘data.table’ ‘dplyr’ ‘ggplot2’ ‘htmltools’
     ‘jsonlite’ ‘magrittr’ ‘methods’ ‘plotly’ ‘reshape’ ‘rlang’ ‘shiny’
     ‘shinyWidgets’ ‘shinyjqui’ ‘shinyjs’ ‘shinymaterial’ ‘sortable’ ‘ssh’
     ‘xml2’
     All declared Imports should be used.
Flavors: r-devel-linux-x86_64-fedora-clang, r-devel-linux-x86_64-fedora-gcc, r-release-macos-arm64, r-release-macos-x86_64, r-oldrel-macos-arm64, r-oldrel-macos-x86_64