CRAN Package Check Results for Package Census2016

Last updated on 2019-07-16 00:13:09 CEST.

Flavor Version Tinstall Tcheck Ttotal Status Flags
r-devel-linux-x86_64-debian-clang 0.2.0 9.16 42.94 52.10 OK
r-devel-linux-x86_64-debian-gcc 0.2.0 7.71 34.30 42.01 OK
r-devel-linux-x86_64-fedora-clang 0.2.0 63.66 NOTE
r-devel-linux-x86_64-fedora-gcc 0.2.0 62.33 NOTE
r-devel-windows-ix86+x86_64 0.2.0 22.00 72.00 94.00 OK
r-patched-linux-x86_64 0.2.0 9.10 41.84 50.94 OK
r-patched-solaris-x86 0.2.0 84.40 NOTE
r-release-linux-x86_64 0.2.0 9.04 41.98 51.02 OK
r-release-windows-ix86+x86_64 0.2.0 18.00 71.00 89.00 OK
r-release-osx-x86_64 0.2.0 NOTE
r-oldrel-windows-ix86+x86_64 0.2.0 14.00 69.00 83.00 OK
r-oldrel-osx-x86_64 0.2.0 NOTE

Check Details

Version: 0.2.0
Check: dependencies in R code
Result: NOTE
    Namespace in Imports field not imported from: ‘data.table’
     All declared Imports should be used.
Flavors: r-devel-linux-x86_64-fedora-clang, r-devel-linux-x86_64-fedora-gcc, r-patched-solaris-x86, r-release-osx-x86_64, r-oldrel-osx-x86_64